{"id":24219,"date":"2023-10-16T10:04:59","date_gmt":"2023-10-16T14:04:59","guid":{"rendered":"https:\/\/archive.ontariocaregiver.ca\/?post_type=tribe_events&#038;p=24219"},"modified":"2023-10-16T10:04:59","modified_gmt":"2023-10-16T14:04:59","slug":"un-apercu-sur-les-troubles-neurocognitifs","status":"publish","type":"tribe_events","link":"https:\/\/archive.ontariocaregiver.ca\/fr\/event\/un-apercu-sur-les-troubles-neurocognitifs\/","title":{"rendered":"Un aper\u00e7u sur les troubles neurocognitifs"},"content":{"rendered":"<p>C&rsquo;est avec un grand plaisir que la Soci\u00e9t\u00e9 d\u2019Alzheimer vous annonce la tenue du webinaire qui aura lieu le 7 Novembre \u00e0 10 Am.<\/p>\n<p>Le th\u00e8me du jour aura pour but de donner\u00a0\u00ab <strong>Un aper\u00e7u sur les troubles neurocognitifs<\/strong> \u00bb commun\u00e9ment appel\u00e9e \u00ab\u00a0D\u00e9mence\u00a0\u00bb. Dans ce webinaire, on va parlera des troubles neurocognitifs, de certains types de d\u00e9mence les plus connus ainsi que ses signes pr\u00e9curseurs. On fera \u00e9galement une comparaison d&rsquo;un vieillissement qui est normal par opposition \u00e0 un vieillissement anormal.<\/p>\n<p>Quand : 7 Novembre 2023 \u00e0 10 h 00 &#8211; 11h, heure de l&rsquo;Est (\u00c9tats-Unis et Canada)<\/p>\n<p>Th\u00e8me : Un survol des troubles neurocognitifs<\/p>\n<p>Inscrivez-vous \u00e0 l&rsquo;avance \u00e0 ce webinaire\u00a0:<\/p>\n<p><a href=\"https:\/\/can01.safelinks.protection.outlook.com\/?url=https%3A%2F%2Fus02web.zoom.us%2Fwebinar%2Fregister%2FWN_IVN59PQITf-cyTnh3W6ohg%23%2Fregistration&amp;data=05%7C01%7CSarahC%40ontariocaregiver.ca%7C3e3558a159724bba946808dbcc074ace%7C3969d36c1e934f69b34c089819ae5e00%7C0%7C0%7C638328103916581152%7CUnknown%7CTWFpbGZsb3d8eyJWIjoiMC4wLjAwMDAiLCJQIjoiV2luMzIiLCJBTiI6Ik1haWwiLCJXVCI6Mn0%3D%7C3000%7C%7C%7C&amp;sdata=n15cQXNJOIYdvXRdqvaVoRJNj5%2FMfV1gg82niNzQCwQ%3D&amp;reserved=0\">https:\/\/us02web.zoom.us\/webinar\/register\/WN_IVN59PQITf-cyTnh3W6ohg#\/registration<\/a><\/p>\n<p>Apr\u00e8s votre inscription, vous recevrez un courriel de confirmation contenant des informations sur la participation au webinaire.<\/p>\n<p>&nbsp;<\/p>\n<p>Pour toute question, n\u2019h\u00e9sitez pas \u00e0 contacter Mireille Irakoze, mirakoze@alzheimerdurham.com, 905-576-2567 poste 5249<\/p>\n","protected":false},"excerpt":{"rendered":"<p>C&rsquo;est avec un grand plaisir que la Soci\u00e9t\u00e9 d\u2019Alzheimer vous annonce la tenue du webinaire qui aura lieu le 7 Novembre \u00e0 10 Am&#8230;<\/p>\n","protected":false},"author":15,"featured_media":0,"comment_status":"closed","ping_status":"closed","template":"","meta":{"_acf_changed":false,"_relevanssi_hide_post":"","_relevanssi_hide_content":"","_relevanssi_pin_for_all":"","_relevanssi_pin_keywords":"","_relevanssi_unpin_keywords":"","_relevanssi_related_keywords":"","_relevanssi_related_include_ids":"","_relevanssi_related_exclude_ids":"","_relevanssi_related_no_append":"","_relevanssi_related_not_related":"","_relevanssi_related_posts":"","_relevanssi_noindex_reason":"","_price":"","_stock":"","_tribe_ticket_header":"","_tribe_default_ticket_provider":"","_tribe_ticket_capacity":"0","_ticket_start_date":"","_ticket_end_date":"","_tribe_ticket_show_description":"","_tribe_ticket_show_not_going":false,"_tribe_ticket_use_global_stock":"","_tribe_ticket_global_stock_level":"","_global_stock_mode":"","_global_stock_cap":"","_tribe_rsvp_for_event":"","_tribe_ticket_going_count":"","_tribe_ticket_not_going_count":"","_tribe_tickets_list":[],"_tribe_ticket_has_attendee_info_fields":false,"footnotes":""},"tags":[],"tribe_events_cat":[],"class_list":["post-24219","tribe_events","type-tribe_events","status-publish","hentry"],"acf":[],"yoast_head":"<!-- This site is optimized with the Yoast SEO plugin v25.8 - https:\/\/yoast.com\/wordpress\/plugins\/seo\/ -->\n<title>Un aper\u00e7u sur les troubles neurocognitifs - Organisme de soutien aux aidants naturels de l\u2019Ontario<\/title>\n<meta name=\"robots\" content=\"noindex, follow, max-snippet:-1, max-image-preview:large, max-video-preview:-1\" \/>\n<meta property=\"og:locale\" content=\"fr_FR\" \/>\n<meta property=\"og:type\" content=\"article\" \/>\n<meta property=\"og:title\" content=\"Un aper\u00e7u sur les troubles neurocognitifs - Organisme de soutien aux aidants naturels de l\u2019Ontario\" \/>\n<meta property=\"og:description\" content=\"C&rsquo;est avec un grand plaisir que la Soci\u00e9t\u00e9 d\u2019Alzheimer vous annonce la tenue du webinaire qui aura lieu le 7 Novembre \u00e0 10 Am...\" \/>\n<meta property=\"og:url\" content=\"https:\/\/archive.ontariocaregiver.ca\/fr\/event\/un-apercu-sur-les-troubles-neurocognitifs\/\" \/>\n<meta property=\"og:site_name\" content=\"Organisme de soutien aux aidants naturels de l\u2019Ontario\" \/>\n<meta name=\"twitter:card\" content=\"summary_large_image\" \/>\n<meta name=\"twitter:label1\" content=\"Dur\u00e9e de lecture estim\u00e9e\" \/>\n\t<meta name=\"twitter:data1\" content=\"1 minute\" \/>\n<script type=\"application\/ld+json\" class=\"yoast-schema-graph\">{\"@context\":\"https:\/\/schema.org\",\"@graph\":[{\"@type\":\"WebPage\",\"@id\":\"https:\/\/archive.ontariocaregiver.ca\/fr\/event\/un-apercu-sur-les-troubles-neurocognitifs\/\",\"url\":\"https:\/\/archive.ontariocaregiver.ca\/fr\/event\/un-apercu-sur-les-troubles-neurocognitifs\/\",\"name\":\"Un aper\u00e7u sur les troubles neurocognitifs - Organisme de soutien aux aidants naturels de l\u2019Ontario\",\"isPartOf\":{\"@id\":\"https:\/\/archive.ontariocaregiver.ca\/fr\/#website\"},\"datePublished\":\"2023-10-16T14:04:59+00:00\",\"breadcrumb\":{\"@id\":\"https:\/\/archive.ontariocaregiver.ca\/fr\/event\/un-apercu-sur-les-troubles-neurocognitifs\/#breadcrumb\"},\"inLanguage\":\"fr-FR\",\"potentialAction\":[{\"@type\":\"ReadAction\",\"target\":[\"https:\/\/archive.ontariocaregiver.ca\/fr\/event\/un-apercu-sur-les-troubles-neurocognitifs\/\"]}]},{\"@type\":\"BreadcrumbList\",\"@id\":\"https:\/\/archive.ontariocaregiver.ca\/fr\/event\/un-apercu-sur-les-troubles-neurocognitifs\/#breadcrumb\",\"itemListElement\":[{\"@type\":\"ListItem\",\"position\":1,\"name\":\"Page principale\",\"item\":\"https:\/\/archive.ontariocaregiver.ca\/fr\/\"},{\"@type\":\"ListItem\",\"position\":2,\"name\":\"\u00c9v\u00e8nements\",\"item\":\"https:\/\/archive.ontariocaregiver.ca\/fr\/events\/\"},{\"@type\":\"ListItem\",\"position\":3,\"name\":\"Un aper\u00e7u sur les troubles neurocognitifs\"}]},{\"@type\":\"WebSite\",\"@id\":\"https:\/\/archive.ontariocaregiver.ca\/fr\/#website\",\"url\":\"https:\/\/archive.ontariocaregiver.ca\/fr\/\",\"name\":\"Organisme de soutien aux aidants naturels de l\u2019Ontario\",\"description\":\"\",\"potentialAction\":[{\"@type\":\"SearchAction\",\"target\":{\"@type\":\"EntryPoint\",\"urlTemplate\":\"https:\/\/archive.ontariocaregiver.ca\/fr\/?s={search_term_string}\"},\"query-input\":{\"@type\":\"PropertyValueSpecification\",\"valueRequired\":true,\"valueName\":\"search_term_string\"}}],\"inLanguage\":\"fr-FR\"}]}<\/script>\n<!-- \/ Yoast SEO plugin. -->","yoast_head_json":{"title":"Un aper\u00e7u sur les troubles neurocognitifs - Organisme de soutien aux aidants naturels de l\u2019Ontario","robots":{"index":"noindex","follow":"follow","max-snippet":"max-snippet:-1","max-image-preview":"max-image-preview:large","max-video-preview":"max-video-preview:-1"},"og_locale":"fr_FR","og_type":"article","og_title":"Un aper\u00e7u sur les troubles neurocognitifs - Organisme de soutien aux aidants naturels de l\u2019Ontario","og_description":"C&rsquo;est avec un grand plaisir que la Soci\u00e9t\u00e9 d\u2019Alzheimer vous annonce la tenue du webinaire qui aura lieu le 7 Novembre \u00e0 10 Am...","og_url":"https:\/\/archive.ontariocaregiver.ca\/fr\/event\/un-apercu-sur-les-troubles-neurocognitifs\/","og_site_name":"Organisme de soutien aux aidants naturels de l\u2019Ontario","twitter_card":"summary_large_image","twitter_misc":{"Dur\u00e9e de lecture estim\u00e9e":"1 minute"},"schema":{"@context":"https:\/\/schema.org","@graph":[{"@type":"WebPage","@id":"https:\/\/archive.ontariocaregiver.ca\/fr\/event\/un-apercu-sur-les-troubles-neurocognitifs\/","url":"https:\/\/archive.ontariocaregiver.ca\/fr\/event\/un-apercu-sur-les-troubles-neurocognitifs\/","name":"Un aper\u00e7u sur les troubles neurocognitifs - Organisme de soutien aux aidants naturels de l\u2019Ontario","isPartOf":{"@id":"https:\/\/archive.ontariocaregiver.ca\/fr\/#website"},"datePublished":"2023-10-16T14:04:59+00:00","breadcrumb":{"@id":"https:\/\/archive.ontariocaregiver.ca\/fr\/event\/un-apercu-sur-les-troubles-neurocognitifs\/#breadcrumb"},"inLanguage":"fr-FR","potentialAction":[{"@type":"ReadAction","target":["https:\/\/archive.ontariocaregiver.ca\/fr\/event\/un-apercu-sur-les-troubles-neurocognitifs\/"]}]},{"@type":"BreadcrumbList","@id":"https:\/\/archive.ontariocaregiver.ca\/fr\/event\/un-apercu-sur-les-troubles-neurocognitifs\/#breadcrumb","itemListElement":[{"@type":"ListItem","position":1,"name":"Page principale","item":"https:\/\/archive.ontariocaregiver.ca\/fr\/"},{"@type":"ListItem","position":2,"name":"\u00c9v\u00e8nements","item":"https:\/\/archive.ontariocaregiver.ca\/fr\/events\/"},{"@type":"ListItem","position":3,"name":"Un aper\u00e7u sur les troubles neurocognitifs"}]},{"@type":"WebSite","@id":"https:\/\/archive.ontariocaregiver.ca\/fr\/#website","url":"https:\/\/archive.ontariocaregiver.ca\/fr\/","name":"Organisme de soutien aux aidants naturels de l\u2019Ontario","description":"","potentialAction":[{"@type":"SearchAction","target":{"@type":"EntryPoint","urlTemplate":"https:\/\/archive.ontariocaregiver.ca\/fr\/?s={search_term_string}"},"query-input":{"@type":"PropertyValueSpecification","valueRequired":true,"valueName":"search_term_string"}}],"inLanguage":"fr-FR"}]}},"ticketed":false,"_links":{"self":[{"href":"https:\/\/archive.ontariocaregiver.ca\/fr\/wp-json\/wp\/v2\/tribe_events\/24219","targetHints":{"allow":["GET"]}}],"collection":[{"href":"https:\/\/archive.ontariocaregiver.ca\/fr\/wp-json\/wp\/v2\/tribe_events"}],"about":[{"href":"https:\/\/archive.ontariocaregiver.ca\/fr\/wp-json\/wp\/v2\/types\/tribe_events"}],"author":[{"embeddable":true,"href":"https:\/\/archive.ontariocaregiver.ca\/fr\/wp-json\/wp\/v2\/users\/15"}],"replies":[{"embeddable":true,"href":"https:\/\/archive.ontariocaregiver.ca\/fr\/wp-json\/wp\/v2\/comments?post=24219"}],"version-history":[{"count":1,"href":"https:\/\/archive.ontariocaregiver.ca\/fr\/wp-json\/wp\/v2\/tribe_events\/24219\/revisions"}],"predecessor-version":[{"id":24240,"href":"https:\/\/archive.ontariocaregiver.ca\/fr\/wp-json\/wp\/v2\/tribe_events\/24219\/revisions\/24240"}],"wp:attachment":[{"href":"https:\/\/archive.ontariocaregiver.ca\/fr\/wp-json\/wp\/v2\/media?parent=24219"}],"wp:term":[{"taxonomy":"post_tag","embeddable":true,"href":"https:\/\/archive.ontariocaregiver.ca\/fr\/wp-json\/wp\/v2\/tags?post=24219"},{"taxonomy":"tribe_events_cat","embeddable":true,"href":"https:\/\/archive.ontariocaregiver.ca\/fr\/wp-json\/wp\/v2\/tribe_events_cat?post=24219"}],"curies":[{"name":"wp","href":"https:\/\/api.w.org\/{rel}","templated":true}]}}

Un aperçu sur les troubles neurocognitifs

<p>C&rsquo;est avec un grand plaisir que la Société d’Alzheimer vous annonce la tenue du webinaire qui aura lieu le 7 Novembre à 10 Am.</p>
<p>Le thème du jour aura pour but de donner « <strong>Un aperçu sur les troubles neurocognitifs</strong> » communément appelée « Démence ». Dans ce webinaire, on va parlera des troubles neurocognitifs, de certains types de démence les plus connus ainsi que ses signes précurseurs. On fera également une comparaison d&rsquo;un vieillissement qui est normal par opposition à un vieillissement anormal.</p>
<p>Quand : 7 Novembre 2023 à 10 h 00 &#8211; 11h, heure de l&rsquo;Est (États-Unis et Canada)</p>
<p>Thème : Un survol des troubles neurocognitifs</p>
<p>Inscrivez-vous à l&rsquo;avance à ce webinaire :</p>
<p><a href="https://can01.safelinks.protection.outlook.com/?url=https%3A%2F%2Fus02web.zoom.us%2Fwebinar%2Fregister%2FWN_IVN59PQITf-cyTnh3W6ohg%23%2Fregistration&amp;data=05%7C01%7CSarahC%40ontariocaregiver.ca%7C3e3558a159724bba946808dbcc074ace%7C3969d36c1e934f69b34c089819ae5e00%7C0%7C0%7C638328103916581152%7CUnknown%7CTWFpbGZsb3d8eyJWIjoiMC4wLjAwMDAiLCJQIjoiV2luMzIiLCJBTiI6Ik1haWwiLCJXVCI6Mn0%3D%7C3000%7C%7C%7C&amp;sdata=n15cQXNJOIYdvXRdqvaVoRJNj5%2FMfV1gg82niNzQCwQ%3D&amp;reserved=0">https://us02web.zoom.us/webinar/register/WN_IVN59PQITf-cyTnh3W6ohg#/registration</a></p>
<p>Après votre inscription, vous recevrez un courriel de confirmation contenant des informations sur la participation au webinaire.</p>
<p>&nbsp;</p>
<p>Pour toute question, n’hésitez pas à contacter Mireille Irakoze, mirakoze@alzheimerdurham.com, 905-576-2567 poste 5249</p>

<p>C&rsquo;est avec un grand plaisir que la Société d’Alzheimer vous annonce la tenue du webinaire qui aura lieu le 7 Novembre à 10 Am&#8230;</p>

<!-- This site is optimized with the Yoast SEO plugin v25.8 - https://yoast.com/wordpress/plugins/seo/ -->
<title>Un aperçu sur les troubles neurocognitifs - Organisme de soutien aux aidants naturels de l’Ontario</title>
<meta name="robots" content="noindex, follow, max-snippet:-1, max-image-preview:large, max-video-preview:-1" />
<meta property="og:locale" content="fr_FR" />
<meta property="og:type" content="article" />
<meta property="og:title" content="Un aperçu sur les troubles neurocognitifs - Organisme de soutien aux aidants naturels de l’Ontario" />
<meta property="og:description" content="C&rsquo;est avec un grand plaisir que la Société d’Alzheimer vous annonce la tenue du webinaire qui aura lieu le 7 Novembre à 10 Am..." />
<meta property="og:url" content="https://archive.ontariocaregiver.ca/fr/event/un-apercu-sur-les-troubles-neurocognitifs/" />
<meta property="og:site_name" content="Organisme de soutien aux aidants naturels de l’Ontario" />
<meta name="twitter:card" content="summary_large_image" />
<meta name="twitter:label1" content="Durée de lecture estimée" />
	<meta name="twitter:data1" content="1 minute" />
<script type="application/ld+json" class="yoast-schema-graph">{"@context":"https://schema.org","@graph":[{"@type":"WebPage","@id":"https://archive.ontariocaregiver.ca/fr/event/un-apercu-sur-les-troubles-neurocognitifs/","url":"https://archive.ontariocaregiver.ca/fr/event/un-apercu-sur-les-troubles-neurocognitifs/","name":"Un aperçu sur les troubles neurocognitifs - Organisme de soutien aux aidants naturels de l’Ontario","isPartOf":{"@id":"https://archive.ontariocaregiver.ca/fr/#website"},"datePublished":"2023-10-16T14:04:59+00:00","breadcrumb":{"@id":"https://archive.ontariocaregiver.ca/fr/event/un-apercu-sur-les-troubles-neurocognitifs/#breadcrumb"},"inLanguage":"fr-FR","potentialAction":[{"@type":"ReadAction","target":["https://archive.ontariocaregiver.ca/fr/event/un-apercu-sur-les-troubles-neurocognitifs/"]}]},{"@type":"BreadcrumbList","@id":"https://archive.ontariocaregiver.ca/fr/event/un-apercu-sur-les-troubles-neurocognitifs/#breadcrumb","itemListElement":[{"@type":"ListItem","position":1,"name":"Page principale","item":"https://archive.ontariocaregiver.ca/fr/"},{"@type":"ListItem","position":2,"name":"Évènements","item":"https://archive.ontariocaregiver.ca/fr/events/"},{"@type":"ListItem","position":3,"name":"Un aperçu sur les troubles neurocognitifs"}]},{"@type":"WebSite","@id":"https://archive.ontariocaregiver.ca/fr/#website","url":"https://archive.ontariocaregiver.ca/fr/","name":"Organisme de soutien aux aidants naturels de l’Ontario","description":"","potentialAction":[{"@type":"SearchAction","target":{"@type":"EntryPoint","urlTemplate":"https://archive.ontariocaregiver.ca/fr/?s={search_term_string}"},"query-input":{"@type":"PropertyValueSpecification","valueRequired":true,"valueName":"search_term_string"}}],"inLanguage":"fr-FR"}]}</script>
<!-- / Yoast SEO plugin. -->

Un aperçu sur les troubles neurocognitifs - Organisme de soutien aux aidants naturels de l’Ontario

C&rsquo;est avec un grand plaisir que la Société d’Alzheimer vous annonce la tenue du webinaire qui aura lieu le 7 Novembre à 10 Am...

Évènements
