{"id":24104,"date":"2023-09-18T10:42:33","date_gmt":"2023-09-18T14:42:33","guid":{"rendered":"https:\/\/archive.ontariocaregiver.ca\/?post_type=tribe_events&#038;p=24104"},"modified":"2023-09-18T10:42:33","modified_gmt":"2023-09-18T14:42:33","slug":"formation-pratique-pour-les-aidants-dune-personne-atteinte-dune-maladie-grave","status":"publish","type":"tribe_events","link":"https:\/\/archive.ontariocaregiver.ca\/fr\/event\/formation-pratique-pour-les-aidants-dune-personne-atteinte-dune-maladie-grave\/2023-11-09\/","title":{"rendered":"Formation pratique pour les aidants d&rsquo;une personne atteinte d&rsquo;une maladie grave"},"content":{"rendered":"<p>ATELIER VIRTUEL DE 5 SEMAINESCETTE FORMATION PRATIQUE RENDRA VOTRE EXP\u00c9RIENCE D\u2019AIDANT PLUS S\u00c9CURITAIRE ET MOINS STRESSANTE POUR VOUS ET POUR LA PERSONNE QUE VOUS AIDEZ.<\/p>\n<p>Cette formation est offerte aux proches aidants non r\u00e9mun\u00e9r\u00e9s qui s\u2019occupent d\u2019une personne atteinte d\u2019une maladie grave.<\/p>\n<p>Module 1: Votre r\u00f4le d\u2019aidant (navigation, planification pr\u00e9alable des soins)<br \/>\nModule 2: Levages et transferts (m\u00e9caniques corporelles, techniques de levage)<br \/>\nModule 3: Les soins d\u2019hygi\u00e8ne personnelle (l\u2019hygi\u00e8ne personnelle, le deuil, la dignit\u00e9)<br \/>\nModule 4: Les soins en phase de fin de vie (quels sont les signes de fin de vie?)<br \/>\nModule 5: Communication et soins de soi-m\u00eame<\/p>\n<p>Si vous d\u00e9sirez participer, veuillez remplir ce formulaire:<br \/>\nhttps:\/\/www.surveymonkey.com\/r\/FallCaregiver2023<\/p>\n","protected":false},"excerpt":{"rendered":"<p>ATELIER VIRTUEL DE 5 SEMAINESCETTE FORMATION PRATIQUE RENDRA VOTRE EXP\u00c9RIENCE D\u2019AIDANT PLUS S\u00c9CURITAIRE ET MOINS STRESSANTE POUR VOUS ET POUR LA PERSONNE QUE VOUS..<\/p>\n","protected":false},"author":2,"featured_media":24110,"comment_status":"closed","ping_status":"closed","template":"","meta":{"_acf_changed":false,"_relevanssi_hide_post":"","_relevanssi_hide_content":"","_relevanssi_pin_for_all":"","_relevanssi_pin_keywords":"","_relevanssi_unpin_keywords":"","_relevanssi_related_keywords":"","_relevanssi_related_include_ids":"","_relevanssi_related_exclude_ids":"","_relevanssi_related_no_append":"","_relevanssi_related_not_related":"","_relevanssi_related_posts":"","_relevanssi_noindex_reason":"","_price":"","_stock":"","_tribe_ticket_header":"","_tribe_default_ticket_provider":"","_tribe_ticket_capacity":"0","_ticket_start_date":"","_ticket_end_date":"","_tribe_ticket_show_description":"","_tribe_ticket_show_not_going":false,"_tribe_ticket_use_global_stock":"","_tribe_ticket_global_stock_level":"","_global_stock_mode":"","_global_stock_cap":"","_tribe_rsvp_for_event":"","_tribe_ticket_going_count":"","_tribe_ticket_not_going_count":"","_tribe_tickets_list":[],"_tribe_ticket_has_attendee_info_fields":false,"footnotes":""},"tags":[],"tribe_events_cat":[],"class_list":["post-24104","tribe_events","type-tribe_events","status-publish","has-post-thumbnail","hentry","tribe-recurring-event","tribe-recurring-event-parent"],"acf":[],"yoast_head":"<!-- This site is optimized with the Yoast SEO plugin v25.8 - https:\/\/yoast.com\/wordpress\/plugins\/seo\/ -->\n<title>Formation pratique pour les aidants d&#039;une personne atteinte d&#039;une maladie grave - Organisme de soutien aux aidants naturels de l\u2019Ontario<\/title>\n<meta name=\"robots\" content=\"noindex, follow, max-snippet:-1, max-image-preview:large, max-video-preview:-1\" \/>\n<meta property=\"og:locale\" content=\"fr_FR\" \/>\n<meta property=\"og:type\" content=\"article\" \/>\n<meta property=\"og:title\" content=\"Formation pratique pour les aidants d&#039;une personne atteinte d&#039;une maladie grave - Organisme de soutien aux aidants naturels de l\u2019Ontario\" \/>\n<meta property=\"og:description\" content=\"ATELIER VIRTUEL DE 5 SEMAINESCETTE FORMATION PRATIQUE RENDRA VOTRE EXP\u00c9RIENCE D\u2019AIDANT PLUS S\u00c9CURITAIRE ET MOINS STRESSANTE POUR VOUS ET POUR LA PERSONNE QUE VOUS..\" \/>\n<meta property=\"og:url\" content=\"https:\/\/archive.ontariocaregiver.ca\/fr\/event\/formation-pratique-pour-les-aidants-dune-personne-atteinte-dune-maladie-grave\/2023-11-09\/\" \/>\n<meta property=\"og:site_name\" content=\"Organisme de soutien aux aidants naturels de l\u2019Ontario\" \/>\n<meta property=\"og:image\" content=\"https:\/\/ontariocaregiver.ca\/wp-content\/uploads\/2023\/09\/Screenshot-2023-09-18-101043.jpg\" \/>\n\t<meta property=\"og:image:width\" content=\"573\" \/>\n\t<meta property=\"og:image:height\" content=\"937\" \/>\n\t<meta property=\"og:image:type\" content=\"image\/jpeg\" \/>\n<meta name=\"twitter:card\" content=\"summary_large_image\" \/>\n<meta name=\"twitter:label1\" content=\"Dur\u00e9e de lecture estim\u00e9e\" \/>\n\t<meta name=\"twitter:data1\" content=\"1 minute\" \/>\n<script type=\"application\/ld+json\" class=\"yoast-schema-graph\">{\"@context\":\"https:\/\/schema.org\",\"@graph\":[{\"@type\":\"WebPage\",\"@id\":\"https:\/\/archive.ontariocaregiver.ca\/fr\/event\/formation-pratique-pour-les-aidants-dune-personne-atteinte-dune-maladie-grave\/2023-11-09\/\",\"url\":\"https:\/\/archive.ontariocaregiver.ca\/fr\/event\/formation-pratique-pour-les-aidants-dune-personne-atteinte-dune-maladie-grave\/2023-11-09\/\",\"name\":\"Formation pratique pour les aidants d'une personne atteinte d'une maladie grave - Organisme de soutien aux aidants naturels de l\u2019Ontario\",\"isPartOf\":{\"@id\":\"https:\/\/archive.ontariocaregiver.ca\/fr\/#website\"},\"primaryImageOfPage\":{\"@id\":\"https:\/\/archive.ontariocaregiver.ca\/fr\/event\/formation-pratique-pour-les-aidants-dune-personne-atteinte-dune-maladie-grave\/2023-11-09\/#primaryimage\"},\"image\":{\"@id\":\"https:\/\/archive.ontariocaregiver.ca\/fr\/event\/formation-pratique-pour-les-aidants-dune-personne-atteinte-dune-maladie-grave\/2023-11-09\/#primaryimage\"},\"thumbnailUrl\":\"https:\/\/ontariocaregiver.ca\/wp-content\/uploads\/2023\/09\/Screenshot-2023-09-18-101043.jpg\",\"datePublished\":\"2023-09-18T14:42:33+00:00\",\"breadcrumb\":{\"@id\":\"https:\/\/archive.ontariocaregiver.ca\/fr\/event\/formation-pratique-pour-les-aidants-dune-personne-atteinte-dune-maladie-grave\/2023-11-09\/#breadcrumb\"},\"inLanguage\":\"fr-FR\",\"potentialAction\":[{\"@type\":\"ReadAction\",\"target\":[\"https:\/\/archive.ontariocaregiver.ca\/fr\/event\/formation-pratique-pour-les-aidants-dune-personne-atteinte-dune-maladie-grave\/2023-11-09\/\"]}]},{\"@type\":\"ImageObject\",\"inLanguage\":\"fr-FR\",\"@id\":\"https:\/\/archive.ontariocaregiver.ca\/fr\/event\/formation-pratique-pour-les-aidants-dune-personne-atteinte-dune-maladie-grave\/2023-11-09\/#primaryimage\",\"url\":\"https:\/\/ontariocaregiver.ca\/wp-content\/uploads\/2023\/09\/Screenshot-2023-09-18-101043.jpg\",\"contentUrl\":\"https:\/\/ontariocaregiver.ca\/wp-content\/uploads\/2023\/09\/Screenshot-2023-09-18-101043.jpg\",\"width\":573,\"height\":937},{\"@type\":\"BreadcrumbList\",\"@id\":\"https:\/\/archive.ontariocaregiver.ca\/fr\/event\/formation-pratique-pour-les-aidants-dune-personne-atteinte-dune-maladie-grave\/2023-11-09\/#breadcrumb\",\"itemListElement\":[{\"@type\":\"ListItem\",\"position\":1,\"name\":\"Page principale\",\"item\":\"https:\/\/archive.ontariocaregiver.ca\/fr\/\"},{\"@type\":\"ListItem\",\"position\":2,\"name\":\"\u00c9v\u00e8nements\",\"item\":\"https:\/\/archive.ontariocaregiver.ca\/fr\/events\/\"},{\"@type\":\"ListItem\",\"position\":3,\"name\":\"Formation pratique pour les aidants d&#8217;une personne atteinte d&#8217;une maladie grave\"}]},{\"@type\":\"WebSite\",\"@id\":\"https:\/\/archive.ontariocaregiver.ca\/fr\/#website\",\"url\":\"https:\/\/archive.ontariocaregiver.ca\/fr\/\",\"name\":\"Organisme de soutien aux aidants naturels de l\u2019Ontario\",\"description\":\"\",\"potentialAction\":[{\"@type\":\"SearchAction\",\"target\":{\"@type\":\"EntryPoint\",\"urlTemplate\":\"https:\/\/archive.ontariocaregiver.ca\/fr\/?s={search_term_string}\"},\"query-input\":{\"@type\":\"PropertyValueSpecification\",\"valueRequired\":true,\"valueName\":\"search_term_string\"}}],\"inLanguage\":\"fr-FR\"}]}<\/script>\n<!-- \/ Yoast SEO plugin. -->","yoast_head_json":{"title":"Formation pratique pour les aidants d'une personne atteinte d'une maladie grave - Organisme de soutien aux aidants naturels de l\u2019Ontario","robots":{"index":"noindex","follow":"follow","max-snippet":"max-snippet:-1","max-image-preview":"max-image-preview:large","max-video-preview":"max-video-preview:-1"},"og_locale":"fr_FR","og_type":"article","og_title":"Formation pratique pour les aidants d'une personne atteinte d'une maladie grave - Organisme de soutien aux aidants naturels de l\u2019Ontario","og_description":"ATELIER VIRTUEL DE 5 SEMAINESCETTE FORMATION PRATIQUE RENDRA VOTRE EXP\u00c9RIENCE D\u2019AIDANT PLUS S\u00c9CURITAIRE ET MOINS STRESSANTE POUR VOUS ET POUR LA PERSONNE QUE VOUS..","og_url":"https:\/\/archive.ontariocaregiver.ca\/fr\/event\/formation-pratique-pour-les-aidants-dune-personne-atteinte-dune-maladie-grave\/2023-11-09\/","og_site_name":"Organisme de soutien aux aidants naturels de l\u2019Ontario","og_image":[{"width":573,"height":937,"url":"https:\/\/ontariocaregiver.ca\/wp-content\/uploads\/2023\/09\/Screenshot-2023-09-18-101043.jpg","type":"image\/jpeg"}],"twitter_card":"summary_large_image","twitter_misc":{"Dur\u00e9e de lecture estim\u00e9e":"1 minute"},"schema":{"@context":"https:\/\/schema.org","@graph":[{"@type":"WebPage","@id":"https:\/\/archive.ontariocaregiver.ca\/fr\/event\/formation-pratique-pour-les-aidants-dune-personne-atteinte-dune-maladie-grave\/2023-11-09\/","url":"https:\/\/archive.ontariocaregiver.ca\/fr\/event\/formation-pratique-pour-les-aidants-dune-personne-atteinte-dune-maladie-grave\/2023-11-09\/","name":"Formation pratique pour les aidants d'une personne atteinte d'une maladie grave - Organisme de soutien aux aidants naturels de l\u2019Ontario","isPartOf":{"@id":"https:\/\/archive.ontariocaregiver.ca\/fr\/#website"},"primaryImageOfPage":{"@id":"https:\/\/archive.ontariocaregiver.ca\/fr\/event\/formation-pratique-pour-les-aidants-dune-personne-atteinte-dune-maladie-grave\/2023-11-09\/#primaryimage"},"image":{"@id":"https:\/\/archive.ontariocaregiver.ca\/fr\/event\/formation-pratique-pour-les-aidants-dune-personne-atteinte-dune-maladie-grave\/2023-11-09\/#primaryimage"},"thumbnailUrl":"https:\/\/ontariocaregiver.ca\/wp-content\/uploads\/2023\/09\/Screenshot-2023-09-18-101043.jpg","datePublished":"2023-09-18T14:42:33+00:00","breadcrumb":{"@id":"https:\/\/archive.ontariocaregiver.ca\/fr\/event\/formation-pratique-pour-les-aidants-dune-personne-atteinte-dune-maladie-grave\/2023-11-09\/#breadcrumb"},"inLanguage":"fr-FR","potentialAction":[{"@type":"ReadAction","target":["https:\/\/archive.ontariocaregiver.ca\/fr\/event\/formation-pratique-pour-les-aidants-dune-personne-atteinte-dune-maladie-grave\/2023-11-09\/"]}]},{"@type":"ImageObject","inLanguage":"fr-FR","@id":"https:\/\/archive.ontariocaregiver.ca\/fr\/event\/formation-pratique-pour-les-aidants-dune-personne-atteinte-dune-maladie-grave\/2023-11-09\/#primaryimage","url":"https:\/\/ontariocaregiver.ca\/wp-content\/uploads\/2023\/09\/Screenshot-2023-09-18-101043.jpg","contentUrl":"https:\/\/ontariocaregiver.ca\/wp-content\/uploads\/2023\/09\/Screenshot-2023-09-18-101043.jpg","width":573,"height":937},{"@type":"BreadcrumbList","@id":"https:\/\/archive.ontariocaregiver.ca\/fr\/event\/formation-pratique-pour-les-aidants-dune-personne-atteinte-dune-maladie-grave\/2023-11-09\/#breadcrumb","itemListElement":[{"@type":"ListItem","position":1,"name":"Page principale","item":"https:\/\/archive.ontariocaregiver.ca\/fr\/"},{"@type":"ListItem","position":2,"name":"\u00c9v\u00e8nements","item":"https:\/\/archive.ontariocaregiver.ca\/fr\/events\/"},{"@type":"ListItem","position":3,"name":"Formation pratique pour les aidants d&#8217;une personne atteinte d&#8217;une maladie grave"}]},{"@type":"WebSite","@id":"https:\/\/archive.ontariocaregiver.ca\/fr\/#website","url":"https:\/\/archive.ontariocaregiver.ca\/fr\/","name":"Organisme de soutien aux aidants naturels de l\u2019Ontario","description":"","potentialAction":[{"@type":"SearchAction","target":{"@type":"EntryPoint","urlTemplate":"https:\/\/archive.ontariocaregiver.ca\/fr\/?s={search_term_string}"},"query-input":{"@type":"PropertyValueSpecification","valueRequired":true,"valueName":"search_term_string"}}],"inLanguage":"fr-FR"}]}},"ticketed":false,"_links":{"self":[{"href":"https:\/\/archive.ontariocaregiver.ca\/fr\/wp-json\/wp\/v2\/tribe_events\/24104","targetHints":{"allow":["GET"]}}],"collection":[{"href":"https:\/\/archive.ontariocaregiver.ca\/fr\/wp-json\/wp\/v2\/tribe_events"}],"about":[{"href":"https:\/\/archive.ontariocaregiver.ca\/fr\/wp-json\/wp\/v2\/types\/tribe_events"}],"author":[{"embeddable":true,"href":"https:\/\/archive.ontariocaregiver.ca\/fr\/wp-json\/wp\/v2\/users\/2"}],"replies":[{"embeddable":true,"href":"https:\/\/archive.ontariocaregiver.ca\/fr\/wp-json\/wp\/v2\/comments?post=24104"}],"version-history":[{"count":1,"href":"https:\/\/archive.ontariocaregiver.ca\/fr\/wp-json\/wp\/v2\/tribe_events\/24104\/revisions"}],"predecessor-version":[{"id":24105,"href":"https:\/\/archive.ontariocaregiver.ca\/fr\/wp-json\/wp\/v2\/tribe_events\/24104\/revisions\/24105"}],"wp:featuredmedia":[{"embeddable":true,"href":"https:\/\/archive.ontariocaregiver.ca\/fr\/wp-json\/wp\/v2\/media\/24110"}],"wp:attachment":[{"href":"https:\/\/archive.ontariocaregiver.ca\/fr\/wp-json\/wp\/v2\/media?parent=24104"}],"wp:term":[{"taxonomy":"post_tag","embeddable":true,"href":"https:\/\/archive.ontariocaregiver.ca\/fr\/wp-json\/wp\/v2\/tags?post=24104"},{"taxonomy":"tribe_events_cat","embeddable":true,"href":"https:\/\/archive.ontariocaregiver.ca\/fr\/wp-json\/wp\/v2\/tribe_events_cat?post=24104"}],"curies":[{"name":"wp","href":"https:\/\/api.w.org\/{rel}","templated":true}]}}

<p>ATELIER VIRTUEL DE 5 SEMAINESCETTE FORMATION PRATIQUE RENDRA VOTRE EXPÉRIENCE D’AIDANT PLUS SÉCURITAIRE ET MOINS STRESSANTE POUR VOUS ET POUR LA PERSONNE QUE VOUS AIDEZ.</p>
<p>Cette formation est offerte aux proches aidants non rémunérés qui s’occupent d’une personne atteinte d’une maladie grave.</p>
<p>Module 1: Votre rôle d’aidant (navigation, planification préalable des soins)<br />
Module 2: Levages et transferts (mécaniques corporelles, techniques de levage)<br />
Module 3: Les soins d’hygiène personnelle (l’hygiène personnelle, le deuil, la dignité)<br />
Module 4: Les soins en phase de fin de vie (quels sont les signes de fin de vie?)<br />
Module 5: Communication et soins de soi-même</p>
<p>Si vous désirez participer, veuillez remplir ce formulaire:<br />
https://www.surveymonkey.com/r/FallCaregiver2023</p>

<p>ATELIER VIRTUEL DE 5 SEMAINESCETTE FORMATION PRATIQUE RENDRA VOTRE EXPÉRIENCE D’AIDANT PLUS SÉCURITAIRE ET MOINS STRESSANTE POUR VOUS ET POUR LA PERSONNE QUE VOUS..</p>

<!-- This site is optimized with the Yoast SEO plugin v25.8 - https://yoast.com/wordpress/plugins/seo/ -->
<title>Formation pratique pour les aidants d&#039;une personne atteinte d&#039;une maladie grave - Organisme de soutien aux aidants naturels de l’Ontario</title>
<meta name="robots" content="noindex, follow, max-snippet:-1, max-image-preview:large, max-video-preview:-1" />
<meta property="og:locale" content="fr_FR" />
<meta property="og:type" content="article" />
<meta property="og:title" content="Formation pratique pour les aidants d&#039;une personne atteinte d&#039;une maladie grave - Organisme de soutien aux aidants naturels de l’Ontario" />
<meta property="og:description" content="ATELIER VIRTUEL DE 5 SEMAINESCETTE FORMATION PRATIQUE RENDRA VOTRE EXPÉRIENCE D’AIDANT PLUS SÉCURITAIRE ET MOINS STRESSANTE POUR VOUS ET POUR LA PERSONNE QUE VOUS.." />
<meta property="og:url" content="https://archive.ontariocaregiver.ca/fr/event/formation-pratique-pour-les-aidants-dune-personne-atteinte-dune-maladie-grave/2023-11-09/" />
<meta property="og:site_name" content="Organisme de soutien aux aidants naturels de l’Ontario" />
<meta property="og:image" content="https://ontariocaregiver.ca/wp-content/uploads/2023/09/Screenshot-2023-09-18-101043.jpg" />
	<meta property="og:image:width" content="573" />
	<meta property="og:image:height" content="937" />
	<meta property="og:image:type" content="image/jpeg" />
<meta name="twitter:card" content="summary_large_image" />
<meta name="twitter:label1" content="Durée de lecture estimée" />
	<meta name="twitter:data1" content="1 minute" />
<script type="application/ld+json" class="yoast-schema-graph">{"@context":"https://schema.org","@graph":[{"@type":"WebPage","@id":"https://archive.ontariocaregiver.ca/fr/event/formation-pratique-pour-les-aidants-dune-personne-atteinte-dune-maladie-grave/2023-11-09/","url":"https://archive.ontariocaregiver.ca/fr/event/formation-pratique-pour-les-aidants-dune-personne-atteinte-dune-maladie-grave/2023-11-09/","name":"Formation pratique pour les aidants d'une personne atteinte d'une maladie grave - Organisme de soutien aux aidants naturels de l’Ontario","isPartOf":{"@id":"https://archive.ontariocaregiver.ca/fr/#website"},"primaryImageOfPage":{"@id":"https://archive.ontariocaregiver.ca/fr/event/formation-pratique-pour-les-aidants-dune-personne-atteinte-dune-maladie-grave/2023-11-09/#primaryimage"},"image":{"@id":"https://archive.ontariocaregiver.ca/fr/event/formation-pratique-pour-les-aidants-dune-personne-atteinte-dune-maladie-grave/2023-11-09/#primaryimage"},"thumbnailUrl":"https://ontariocaregiver.ca/wp-content/uploads/2023/09/Screenshot-2023-09-18-101043.jpg","datePublished":"2023-09-18T14:42:33+00:00","breadcrumb":{"@id":"https://archive.ontariocaregiver.ca/fr/event/formation-pratique-pour-les-aidants-dune-personne-atteinte-dune-maladie-grave/2023-11-09/#breadcrumb"},"inLanguage":"fr-FR","potentialAction":[{"@type":"ReadAction","target":["https://archive.ontariocaregiver.ca/fr/event/formation-pratique-pour-les-aidants-dune-personne-atteinte-dune-maladie-grave/2023-11-09/"]}]},{"@type":"ImageObject","inLanguage":"fr-FR","@id":"https://archive.ontariocaregiver.ca/fr/event/formation-pratique-pour-les-aidants-dune-personne-atteinte-dune-maladie-grave/2023-11-09/#primaryimage","url":"https://ontariocaregiver.ca/wp-content/uploads/2023/09/Screenshot-2023-09-18-101043.jpg","contentUrl":"https://ontariocaregiver.ca/wp-content/uploads/2023/09/Screenshot-2023-09-18-101043.jpg","width":573,"height":937},{"@type":"BreadcrumbList","@id":"https://archive.ontariocaregiver.ca/fr/event/formation-pratique-pour-les-aidants-dune-personne-atteinte-dune-maladie-grave/2023-11-09/#breadcrumb","itemListElement":[{"@type":"ListItem","position":1,"name":"Page principale","item":"https://archive.ontariocaregiver.ca/fr/"},{"@type":"ListItem","position":2,"name":"Évènements","item":"https://archive.ontariocaregiver.ca/fr/events/"},{"@type":"ListItem","position":3,"name":"Formation pratique pour les aidants d&#8217;une personne atteinte d&#8217;une maladie grave"}]},{"@type":"WebSite","@id":"https://archive.ontariocaregiver.ca/fr/#website","url":"https://archive.ontariocaregiver.ca/fr/","name":"Organisme de soutien aux aidants naturels de l’Ontario","description":"","potentialAction":[{"@type":"SearchAction","target":{"@type":"EntryPoint","urlTemplate":"https://archive.ontariocaregiver.ca/fr/?s={search_term_string}"},"query-input":{"@type":"PropertyValueSpecification","valueRequired":true,"valueName":"search_term_string"}}],"inLanguage":"fr-FR"}]}</script>
<!-- / Yoast SEO plugin. -->

ATELIER VIRTUEL DE 5 SEMAINESCETTE FORMATION PRATIQUE RENDRA VOTRE EXPÉRIENCE D’AIDANT PLUS SÉCURITAIRE ET MOINS STRESSANTE POUR VOUS ET POUR LA PERSONNE QUE VOUS..

Évènements
