{"id":24076,"date":"2023-09-15T10:28:31","date_gmt":"2023-09-15T14:28:31","guid":{"rendered":"https:\/\/archive.ontariocaregiver.ca\/?post_type=tribe_events&#038;p=24076"},"modified":"2023-09-15T10:28:31","modified_gmt":"2023-09-15T14:28:31","slug":"le-programme-cares-dentraide-pour-aidants-naturels","status":"publish","type":"tribe_events","link":"https:\/\/archive.ontariocaregiver.ca\/fr\/event\/le-programme-cares-dentraide-pour-aidants-naturels\/2023-09-18\/","title":{"rendered":"Le programme CARES d\u2019entraide pour aidants naturels"},"content":{"rendered":"<p><strong>Qu\u2019est-ce que \u00ab CARES\u00a0\u00bb?<\/strong><\/p>\n<p>Le programme CARES du SAAAC* Autism Centre, un programme de soutien aux aidants naturels, prend la forme d\u2019une intervention de groupe innovante consacr\u00e9e aux probl\u00e8mes sociaux, \u00e9motionnels et psychologiques que peuvent affronter les personnes qui prennent soin d&rsquo;enfants autistes. Le programme CARES offre un espace s\u00fbr o\u00f9 les aidants naturels peuvent partager leurs exp\u00e9riences et d\u00e9velopper un sentiment d&rsquo;identit\u00e9 commune.<\/p>\n<p>La d\u00e9pression et l&rsquo;anxi\u00e9t\u00e9 font partie des probl\u00e8mes courants de sant\u00e9 mentale que doivent affronter bon nombre des aidants naturels du SAAAC Autism Center. \u00catre parent et \u00e9lever un enfant autiste apporte des joies, mais aussi d\u2019incroyables responsabilit\u00e9s qui engendrent souvent un haut niveau de stress, d&rsquo;anxi\u00e9t\u00e9 et de d\u00e9pression, comparativement aux familles d&rsquo;enfants au d\u00e9veloppement typique ou ayant d&rsquo;autres handicaps. D\u2019o\u00f9 l\u2019importance des programmes tels que le programme CARES du SAAAC Autism Centre.<\/p>\n<p>*(South Asian Autism Awareness Centre)<\/p>\n<p>&nbsp;<\/p>\n<p><strong>Comment s\u2019inscrire?<\/strong><\/p>\n<p>Ce programme s\u2019adresse \u00e0 un des deux aidants principaux, et non aux deux. D\u2019autres sessions seront organis\u00e9es \u00e0 l\u2019avenir si plus d\u2019un aidant souhaite participer.<\/p>\n<p>Plusieurs sessions seront organis\u00e9es tout au long de l\u2019ann\u00e9e. Si vous \u00eates int\u00e9ress\u00e9(e), veuillez remplir le formulaire d\u2019inscription. Un facilitateur vous contactera pour remplir de br\u00e8ves formalit\u00e9s d\u2019admission, et vous recevrez des informations compl\u00e9mentaires sur les futures sessions.<\/p>\n<p>&nbsp;<\/p>\n<p><strong>Quand se d\u00e9roulera le programme?<\/strong><\/p>\n<p>Ce programme en ligne d\u2019entraide parentale unique en son genre, qui s\u2019\u00e9tale sur plusieurs semaines, sera offert \u00e0 plusieurs reprises durant l\u2019ann\u00e9e. Des sessions de jour et de soir seront offertes.<\/p>\n<p>Apr\u00e8s votre inscription, on vous contactera pour vous donner des renseignements plus pr\u00e9cis sur les sessions \u00e0 venir.<\/p>\n<p>&nbsp;<\/p>\n<p><strong>Comment se d\u00e9roulera le programme?<\/strong><\/p>\n<p>Le programme sera donn\u00e9 sur la plate-forme Zoom; vous aurez donc besoin d\u2019une webcam et d\u2019un microphone pour participer. La plupart des ordinateurs portables, des tablettes et des t\u00e9l\u00e9phones intelligents sont munis d\u2019une cam\u00e9ra et d\u2019un microphone.<\/p>\n<p>&nbsp;<\/p>\n<p><strong>Quelles sont les \u00e9tapes qui suivent l\u2019inscription?<\/strong><\/p>\n<p>Un facilitateur vous contactera peu apr\u00e8s l\u2019inscription pour vous donner de plus amples informations sur les \u00e9tapes suivantes. On vous demandera d\u2019assister \u00e0 une s\u00e9ance d\u2019orientation, o\u00f9 vous recevrez des informations plus pr\u00e9cises.<\/p>\n","protected":false},"excerpt":{"rendered":"<p>Qu\u2019est-ce que \u00ab CARES\u00a0\u00bb? Le programme CARES du SAAAC* Autism Centre, un programme de soutien aux aidants naturels, prend la forme d\u2019une intervention de..<\/p>\n","protected":false},"author":2,"featured_media":0,"comment_status":"closed","ping_status":"closed","template":"","meta":{"_acf_changed":false,"_relevanssi_hide_post":"","_relevanssi_hide_content":"","_relevanssi_pin_for_all":"","_relevanssi_pin_keywords":"","_relevanssi_unpin_keywords":"","_relevanssi_related_keywords":"","_relevanssi_related_include_ids":"","_relevanssi_related_exclude_ids":"","_relevanssi_related_no_append":"","_relevanssi_related_not_related":"","_relevanssi_related_posts":"","_relevanssi_noindex_reason":"","_price":"","_stock":"","_tribe_ticket_header":"","_tribe_default_ticket_provider":"","_tribe_ticket_capacity":"0","_ticket_start_date":"","_ticket_end_date":"","_tribe_ticket_show_description":"","_tribe_ticket_show_not_going":false,"_tribe_ticket_use_global_stock":"","_tribe_ticket_global_stock_level":"","_global_stock_mode":"","_global_stock_cap":"","_tribe_rsvp_for_event":"","_tribe_ticket_going_count":"","_tribe_ticket_not_going_count":"","_tribe_tickets_list":[],"_tribe_ticket_has_attendee_info_fields":false,"footnotes":""},"tags":[],"tribe_events_cat":[],"class_list":["post-24076","tribe_events","type-tribe_events","status-publish","hentry","tribe-recurring-event","tribe-recurring-event-parent"],"acf":[],"yoast_head":"<!-- This site is optimized with the Yoast SEO plugin v25.8 - https:\/\/yoast.com\/wordpress\/plugins\/seo\/ -->\n<title>Le programme CARES d\u2019entraide pour aidants naturels - Organisme de soutien aux aidants naturels de l\u2019Ontario<\/title>\n<meta name=\"robots\" content=\"noindex, follow, max-snippet:-1, max-image-preview:large, max-video-preview:-1\" \/>\n<meta property=\"og:locale\" content=\"fr_FR\" \/>\n<meta property=\"og:type\" content=\"article\" \/>\n<meta property=\"og:title\" content=\"Le programme CARES d\u2019entraide pour aidants naturels - Organisme de soutien aux aidants naturels de l\u2019Ontario\" \/>\n<meta property=\"og:description\" content=\"Qu\u2019est-ce que \u00ab CARES\u00a0\u00bb? Le programme CARES du SAAAC* Autism Centre, un programme de soutien aux aidants naturels, prend la forme d\u2019une intervention de..\" \/>\n<meta property=\"og:url\" content=\"https:\/\/archive.ontariocaregiver.ca\/fr\/event\/le-programme-cares-dentraide-pour-aidants-naturels\/2023-09-18\/\" \/>\n<meta property=\"og:site_name\" content=\"Organisme de soutien aux aidants naturels de l\u2019Ontario\" \/>\n<meta name=\"twitter:card\" content=\"summary_large_image\" \/>\n<meta name=\"twitter:label1\" content=\"Dur\u00e9e de lecture estim\u00e9e\" \/>\n\t<meta name=\"twitter:data1\" content=\"2 minutes\" \/>\n<script type=\"application\/ld+json\" class=\"yoast-schema-graph\">{\"@context\":\"https:\/\/schema.org\",\"@graph\":[{\"@type\":\"WebPage\",\"@id\":\"https:\/\/archive.ontariocaregiver.ca\/fr\/event\/le-programme-cares-dentraide-pour-aidants-naturels\/2023-09-18\/\",\"url\":\"https:\/\/archive.ontariocaregiver.ca\/fr\/event\/le-programme-cares-dentraide-pour-aidants-naturels\/2023-09-18\/\",\"name\":\"Le programme CARES d\u2019entraide pour aidants naturels - Organisme de soutien aux aidants naturels de l\u2019Ontario\",\"isPartOf\":{\"@id\":\"https:\/\/archive.ontariocaregiver.ca\/fr\/#website\"},\"datePublished\":\"2023-09-15T14:28:31+00:00\",\"breadcrumb\":{\"@id\":\"https:\/\/archive.ontariocaregiver.ca\/fr\/event\/le-programme-cares-dentraide-pour-aidants-naturels\/2023-09-18\/#breadcrumb\"},\"inLanguage\":\"fr-FR\",\"potentialAction\":[{\"@type\":\"ReadAction\",\"target\":[\"https:\/\/archive.ontariocaregiver.ca\/fr\/event\/le-programme-cares-dentraide-pour-aidants-naturels\/2023-09-18\/\"]}]},{\"@type\":\"BreadcrumbList\",\"@id\":\"https:\/\/archive.ontariocaregiver.ca\/fr\/event\/le-programme-cares-dentraide-pour-aidants-naturels\/2023-09-18\/#breadcrumb\",\"itemListElement\":[{\"@type\":\"ListItem\",\"position\":1,\"name\":\"Page principale\",\"item\":\"https:\/\/archive.ontariocaregiver.ca\/fr\/\"},{\"@type\":\"ListItem\",\"position\":2,\"name\":\"\u00c9v\u00e8nements\",\"item\":\"https:\/\/archive.ontariocaregiver.ca\/fr\/events\/\"},{\"@type\":\"ListItem\",\"position\":3,\"name\":\"Le programme CARES d\u2019entraide pour aidants naturels\"}]},{\"@type\":\"WebSite\",\"@id\":\"https:\/\/archive.ontariocaregiver.ca\/fr\/#website\",\"url\":\"https:\/\/archive.ontariocaregiver.ca\/fr\/\",\"name\":\"Organisme de soutien aux aidants naturels de l\u2019Ontario\",\"description\":\"\",\"potentialAction\":[{\"@type\":\"SearchAction\",\"target\":{\"@type\":\"EntryPoint\",\"urlTemplate\":\"https:\/\/archive.ontariocaregiver.ca\/fr\/?s={search_term_string}\"},\"query-input\":{\"@type\":\"PropertyValueSpecification\",\"valueRequired\":true,\"valueName\":\"search_term_string\"}}],\"inLanguage\":\"fr-FR\"}]}<\/script>\n<!-- \/ Yoast SEO plugin. -->","yoast_head_json":{"title":"Le programme CARES d\u2019entraide pour aidants naturels - Organisme de soutien aux aidants naturels de l\u2019Ontario","robots":{"index":"noindex","follow":"follow","max-snippet":"max-snippet:-1","max-image-preview":"max-image-preview:large","max-video-preview":"max-video-preview:-1"},"og_locale":"fr_FR","og_type":"article","og_title":"Le programme CARES d\u2019entraide pour aidants naturels - Organisme de soutien aux aidants naturels de l\u2019Ontario","og_description":"Qu\u2019est-ce que \u00ab CARES\u00a0\u00bb? Le programme CARES du SAAAC* Autism Centre, un programme de soutien aux aidants naturels, prend la forme d\u2019une intervention de..","og_url":"https:\/\/archive.ontariocaregiver.ca\/fr\/event\/le-programme-cares-dentraide-pour-aidants-naturels\/2023-09-18\/","og_site_name":"Organisme de soutien aux aidants naturels de l\u2019Ontario","twitter_card":"summary_large_image","twitter_misc":{"Dur\u00e9e de lecture estim\u00e9e":"2 minutes"},"schema":{"@context":"https:\/\/schema.org","@graph":[{"@type":"WebPage","@id":"https:\/\/archive.ontariocaregiver.ca\/fr\/event\/le-programme-cares-dentraide-pour-aidants-naturels\/2023-09-18\/","url":"https:\/\/archive.ontariocaregiver.ca\/fr\/event\/le-programme-cares-dentraide-pour-aidants-naturels\/2023-09-18\/","name":"Le programme CARES d\u2019entraide pour aidants naturels - Organisme de soutien aux aidants naturels de l\u2019Ontario","isPartOf":{"@id":"https:\/\/archive.ontariocaregiver.ca\/fr\/#website"},"datePublished":"2023-09-15T14:28:31+00:00","breadcrumb":{"@id":"https:\/\/archive.ontariocaregiver.ca\/fr\/event\/le-programme-cares-dentraide-pour-aidants-naturels\/2023-09-18\/#breadcrumb"},"inLanguage":"fr-FR","potentialAction":[{"@type":"ReadAction","target":["https:\/\/archive.ontariocaregiver.ca\/fr\/event\/le-programme-cares-dentraide-pour-aidants-naturels\/2023-09-18\/"]}]},{"@type":"BreadcrumbList","@id":"https:\/\/archive.ontariocaregiver.ca\/fr\/event\/le-programme-cares-dentraide-pour-aidants-naturels\/2023-09-18\/#breadcrumb","itemListElement":[{"@type":"ListItem","position":1,"name":"Page principale","item":"https:\/\/archive.ontariocaregiver.ca\/fr\/"},{"@type":"ListItem","position":2,"name":"\u00c9v\u00e8nements","item":"https:\/\/archive.ontariocaregiver.ca\/fr\/events\/"},{"@type":"ListItem","position":3,"name":"Le programme CARES d\u2019entraide pour aidants naturels"}]},{"@type":"WebSite","@id":"https:\/\/archive.ontariocaregiver.ca\/fr\/#website","url":"https:\/\/archive.ontariocaregiver.ca\/fr\/","name":"Organisme de soutien aux aidants naturels de l\u2019Ontario","description":"","potentialAction":[{"@type":"SearchAction","target":{"@type":"EntryPoint","urlTemplate":"https:\/\/archive.ontariocaregiver.ca\/fr\/?s={search_term_string}"},"query-input":{"@type":"PropertyValueSpecification","valueRequired":true,"valueName":"search_term_string"}}],"inLanguage":"fr-FR"}]}},"ticketed":false,"_links":{"self":[{"href":"https:\/\/archive.ontariocaregiver.ca\/fr\/wp-json\/wp\/v2\/tribe_events\/24076","targetHints":{"allow":["GET"]}}],"collection":[{"href":"https:\/\/archive.ontariocaregiver.ca\/fr\/wp-json\/wp\/v2\/tribe_events"}],"about":[{"href":"https:\/\/archive.ontariocaregiver.ca\/fr\/wp-json\/wp\/v2\/types\/tribe_events"}],"author":[{"embeddable":true,"href":"https:\/\/archive.ontariocaregiver.ca\/fr\/wp-json\/wp\/v2\/users\/2"}],"replies":[{"embeddable":true,"href":"https:\/\/archive.ontariocaregiver.ca\/fr\/wp-json\/wp\/v2\/comments?post=24076"}],"version-history":[{"count":1,"href":"https:\/\/archive.ontariocaregiver.ca\/fr\/wp-json\/wp\/v2\/tribe_events\/24076\/revisions"}],"predecessor-version":[{"id":24077,"href":"https:\/\/archive.ontariocaregiver.ca\/fr\/wp-json\/wp\/v2\/tribe_events\/24076\/revisions\/24077"}],"wp:attachment":[{"href":"https:\/\/archive.ontariocaregiver.ca\/fr\/wp-json\/wp\/v2\/media?parent=24076"}],"wp:term":[{"taxonomy":"post_tag","embeddable":true,"href":"https:\/\/archive.ontariocaregiver.ca\/fr\/wp-json\/wp\/v2\/tags?post=24076"},{"taxonomy":"tribe_events_cat","embeddable":true,"href":"https:\/\/archive.ontariocaregiver.ca\/fr\/wp-json\/wp\/v2\/tribe_events_cat?post=24076"}],"curies":[{"name":"wp","href":"https:\/\/api.w.org\/{rel}","templated":true}]}}

<p><strong>Qu’est-ce que « CARES »?</strong></p>
<p>Le programme CARES du SAAAC* Autism Centre, un programme de soutien aux aidants naturels, prend la forme d’une intervention de groupe innovante consacrée aux problèmes sociaux, émotionnels et psychologiques que peuvent affronter les personnes qui prennent soin d&rsquo;enfants autistes. Le programme CARES offre un espace sûr où les aidants naturels peuvent partager leurs expériences et développer un sentiment d&rsquo;identité commune.</p>
<p>La dépression et l&rsquo;anxiété font partie des problèmes courants de santé mentale que doivent affronter bon nombre des aidants naturels du SAAAC Autism Center. Être parent et élever un enfant autiste apporte des joies, mais aussi d’incroyables responsabilités qui engendrent souvent un haut niveau de stress, d&rsquo;anxiété et de dépression, comparativement aux familles d&rsquo;enfants au développement typique ou ayant d&rsquo;autres handicaps. D’où l’importance des programmes tels que le programme CARES du SAAAC Autism Centre.</p>
<p>*(South Asian Autism Awareness Centre)</p>
<p>&nbsp;</p>
<p><strong>Comment s’inscrire?</strong></p>
<p>Ce programme s’adresse à un des deux aidants principaux, et non aux deux. D’autres sessions seront organisées à l’avenir si plus d’un aidant souhaite participer.</p>
<p>Plusieurs sessions seront organisées tout au long de l’année. Si vous êtes intéressé(e), veuillez remplir le formulaire d’inscription. Un facilitateur vous contactera pour remplir de brèves formalités d’admission, et vous recevrez des informations complémentaires sur les futures sessions.</p>
<p>&nbsp;</p>
<p><strong>Quand se déroulera le programme?</strong></p>
<p>Ce programme en ligne d’entraide parentale unique en son genre, qui s’étale sur plusieurs semaines, sera offert à plusieurs reprises durant l’année. Des sessions de jour et de soir seront offertes.</p>
<p>Après votre inscription, on vous contactera pour vous donner des renseignements plus précis sur les sessions à venir.</p>
<p>&nbsp;</p>
<p><strong>Comment se déroulera le programme?</strong></p>
<p>Le programme sera donné sur la plate-forme Zoom; vous aurez donc besoin d’une webcam et d’un microphone pour participer. La plupart des ordinateurs portables, des tablettes et des téléphones intelligents sont munis d’une caméra et d’un microphone.</p>
<p>&nbsp;</p>
<p><strong>Quelles sont les étapes qui suivent l’inscription?</strong></p>
<p>Un facilitateur vous contactera peu après l’inscription pour vous donner de plus amples informations sur les étapes suivantes. On vous demandera d’assister à une séance d’orientation, où vous recevrez des informations plus précises.</p>

<!-- This site is optimized with the Yoast SEO plugin v25.8 - https://yoast.com/wordpress/plugins/seo/ -->
<title>Le programme CARES d’entraide pour aidants naturels - Organisme de soutien aux aidants naturels de l’Ontario</title>
<meta name="robots" content="noindex, follow, max-snippet:-1, max-image-preview:large, max-video-preview:-1" />
<meta property="og:locale" content="fr_FR" />
<meta property="og:type" content="article" />
<meta property="og:title" content="Le programme CARES d’entraide pour aidants naturels - Organisme de soutien aux aidants naturels de l’Ontario" />
<meta property="og:description" content="Qu’est-ce que « CARES »? Le programme CARES du SAAAC* Autism Centre, un programme de soutien aux aidants naturels, prend la forme d’une intervention de.." />
<meta property="og:url" content="https://archive.ontariocaregiver.ca/fr/event/le-programme-cares-dentraide-pour-aidants-naturels/2023-09-18/" />
<meta property="og:site_name" content="Organisme de soutien aux aidants naturels de l’Ontario" />
<meta name="twitter:card" content="summary_large_image" />
<meta name="twitter:label1" content="Durée de lecture estimée" />
	<meta name="twitter:data1" content="2 minutes" />
<script type="application/ld+json" class="yoast-schema-graph">{"@context":"https://schema.org","@graph":[{"@type":"WebPage","@id":"https://archive.ontariocaregiver.ca/fr/event/le-programme-cares-dentraide-pour-aidants-naturels/2023-09-18/","url":"https://archive.ontariocaregiver.ca/fr/event/le-programme-cares-dentraide-pour-aidants-naturels/2023-09-18/","name":"Le programme CARES d’entraide pour aidants naturels - Organisme de soutien aux aidants naturels de l’Ontario","isPartOf":{"@id":"https://archive.ontariocaregiver.ca/fr/#website"},"datePublished":"2023-09-15T14:28:31+00:00","breadcrumb":{"@id":"https://archive.ontariocaregiver.ca/fr/event/le-programme-cares-dentraide-pour-aidants-naturels/2023-09-18/#breadcrumb"},"inLanguage":"fr-FR","potentialAction":[{"@type":"ReadAction","target":["https://archive.ontariocaregiver.ca/fr/event/le-programme-cares-dentraide-pour-aidants-naturels/2023-09-18/"]}]},{"@type":"BreadcrumbList","@id":"https://archive.ontariocaregiver.ca/fr/event/le-programme-cares-dentraide-pour-aidants-naturels/2023-09-18/#breadcrumb","itemListElement":[{"@type":"ListItem","position":1,"name":"Page principale","item":"https://archive.ontariocaregiver.ca/fr/"},{"@type":"ListItem","position":2,"name":"Évènements","item":"https://archive.ontariocaregiver.ca/fr/events/"},{"@type":"ListItem","position":3,"name":"Le programme CARES d’entraide pour aidants naturels"}]},{"@type":"WebSite","@id":"https://archive.ontariocaregiver.ca/fr/#website","url":"https://archive.ontariocaregiver.ca/fr/","name":"Organisme de soutien aux aidants naturels de l’Ontario","description":"","potentialAction":[{"@type":"SearchAction","target":{"@type":"EntryPoint","urlTemplate":"https://archive.ontariocaregiver.ca/fr/?s={search_term_string}"},"query-input":{"@type":"PropertyValueSpecification","valueRequired":true,"valueName":"search_term_string"}}],"inLanguage":"fr-FR"}]}</script>
<!-- / Yoast SEO plugin. -->

Évènements
