{"id":23659,"date":"2023-08-03T13:49:32","date_gmt":"2023-08-03T17:49:32","guid":{"rendered":"https:\/\/archive.ontariocaregiver.ca\/?post_type=tribe_events&#038;p=23659"},"modified":"2023-08-03T13:49:32","modified_gmt":"2023-08-03T17:49:32","slug":"quest-ce-quil-y-a-dans-ton-sac-a-dos-strategies-et-soutiens-de-sante-mentale-pour-les-enfants-et-adolescent-e-s","status":"publish","type":"tribe_events","link":"https:\/\/archive.ontariocaregiver.ca\/fr\/event\/quest-ce-quil-y-a-dans-ton-sac-a-dos-strategies-et-soutiens-de-sante-mentale-pour-les-enfants-et-adolescent-e-s\/","title":{"rendered":"\u00ab Qu&rsquo;est-ce qu\u2019il y a dans ton sac \u00e0 dos? \u00bb : Strat\u00e9gies et soutiens de sant\u00e9 mentale pour les enfants et adolescent\/e\/s"},"content":{"rendered":"<p>Nous vous invitons \u00e0 vous joindre \u00e0 Mireille Roy pour parler de sant\u00e9 mentale et de bien-\u00eatre en p\u00e9riode de rentr\u00e9e scolaire. Elles proposeront des strat\u00e9gies br\u00e8ves et ax\u00e9es sur les solutions, auxquelles les parents peuvent recourir pour aider leurs enfants d&rsquo;\u00e2ge scolaire \u00e0 faire face aux sentiments d&rsquo;inqui\u00e9tude, d&rsquo;anxi\u00e9t\u00e9 ou de peur que le retour \u00e0 l&rsquo;\u00e9cole peut leur inspirer.<\/p>\n<p>Cet atelier vous fournira des informations, des strat\u00e9gies d\u2019ordre g\u00e9n\u00e9ral et des outils pour soutenir la sant\u00e9 mentale de votre enfant; une p\u00e9riode est pr\u00e9vue pour vos questions.<\/p>\n<p>Cet atelier s&rsquo;adresse aux familles et aux aidant.e.s d&rsquo;enfants autistes \u00e2g\u00e9s de 6 \u00e0 15 ans, ainsi qu&rsquo;aux professionnel.le.s qui interviennent aupr\u00e8s de cette population.<\/p>\n","protected":false},"excerpt":{"rendered":"<p>Nous vous invitons \u00e0 vous joindre \u00e0 Mireille Roy pour parler de sant\u00e9 mentale et de bien-\u00eatre en p\u00e9riode de rentr\u00e9e scolaire. Elles proposeront..<\/p>\n","protected":false},"author":2,"featured_media":0,"comment_status":"closed","ping_status":"closed","template":"","meta":{"_acf_changed":false,"_relevanssi_hide_post":"","_relevanssi_hide_content":"","_relevanssi_pin_for_all":"","_relevanssi_pin_keywords":"","_relevanssi_unpin_keywords":"","_relevanssi_related_keywords":"","_relevanssi_related_include_ids":"","_relevanssi_related_exclude_ids":"","_relevanssi_related_no_append":"","_relevanssi_related_not_related":"","_relevanssi_related_posts":"","_relevanssi_noindex_reason":"","_price":"","_stock":"","_tribe_ticket_header":"","_tribe_default_ticket_provider":"","_tribe_ticket_capacity":"0","_ticket_start_date":"","_ticket_end_date":"","_tribe_ticket_show_description":"","_tribe_ticket_show_not_going":false,"_tribe_ticket_use_global_stock":"","_tribe_ticket_global_stock_level":"","_global_stock_mode":"","_global_stock_cap":"","_tribe_rsvp_for_event":"","_tribe_ticket_going_count":"","_tribe_ticket_not_going_count":"","_tribe_tickets_list":[],"_tribe_ticket_has_attendee_info_fields":false,"footnotes":""},"tags":[],"tribe_events_cat":[],"class_list":["post-23659","tribe_events","type-tribe_events","status-publish","hentry"],"acf":[],"yoast_head":"<!-- This site is optimized with the Yoast SEO plugin v25.8 - https:\/\/yoast.com\/wordpress\/plugins\/seo\/ -->\n<title>\u00ab Qu&#039;est-ce qu\u2019il y a dans ton sac \u00e0 dos? \u00bb : Strat\u00e9gies et soutiens de sant\u00e9 mentale pour les enfants et adolescent\/e\/s - Organisme de soutien aux aidants naturels de l\u2019Ontario<\/title>\n<meta name=\"robots\" content=\"noindex, follow, max-snippet:-1, max-image-preview:large, max-video-preview:-1\" \/>\n<meta property=\"og:locale\" content=\"fr_FR\" \/>\n<meta property=\"og:type\" content=\"article\" \/>\n<meta property=\"og:title\" content=\"\u00ab Qu&#039;est-ce qu\u2019il y a dans ton sac \u00e0 dos? \u00bb : Strat\u00e9gies et soutiens de sant\u00e9 mentale pour les enfants et adolescent\/e\/s - Organisme de soutien aux aidants naturels de l\u2019Ontario\" \/>\n<meta property=\"og:description\" content=\"Nous vous invitons \u00e0 vous joindre \u00e0 Mireille Roy pour parler de sant\u00e9 mentale et de bien-\u00eatre en p\u00e9riode de rentr\u00e9e scolaire. Elles proposeront..\" \/>\n<meta property=\"og:url\" content=\"https:\/\/archive.ontariocaregiver.ca\/fr\/event\/quest-ce-quil-y-a-dans-ton-sac-a-dos-strategies-et-soutiens-de-sante-mentale-pour-les-enfants-et-adolescent-e-s\/\" \/>\n<meta property=\"og:site_name\" content=\"Organisme de soutien aux aidants naturels de l\u2019Ontario\" \/>\n<meta name=\"twitter:card\" content=\"summary_large_image\" \/>\n<meta name=\"twitter:label1\" content=\"Dur\u00e9e de lecture estim\u00e9e\" \/>\n\t<meta name=\"twitter:data1\" content=\"1 minute\" \/>\n<script type=\"application\/ld+json\" class=\"yoast-schema-graph\">{\"@context\":\"https:\/\/schema.org\",\"@graph\":[{\"@type\":\"WebPage\",\"@id\":\"https:\/\/archive.ontariocaregiver.ca\/fr\/event\/quest-ce-quil-y-a-dans-ton-sac-a-dos-strategies-et-soutiens-de-sante-mentale-pour-les-enfants-et-adolescent-e-s\/\",\"url\":\"https:\/\/archive.ontariocaregiver.ca\/fr\/event\/quest-ce-quil-y-a-dans-ton-sac-a-dos-strategies-et-soutiens-de-sante-mentale-pour-les-enfants-et-adolescent-e-s\/\",\"name\":\"\u00ab Qu'est-ce qu\u2019il y a dans ton sac \u00e0 dos? \u00bb : Strat\u00e9gies et soutiens de sant\u00e9 mentale pour les enfants et adolescent\/e\/s - Organisme de soutien aux aidants naturels de l\u2019Ontario\",\"isPartOf\":{\"@id\":\"https:\/\/archive.ontariocaregiver.ca\/fr\/#website\"},\"datePublished\":\"2023-08-03T17:49:32+00:00\",\"breadcrumb\":{\"@id\":\"https:\/\/archive.ontariocaregiver.ca\/fr\/event\/quest-ce-quil-y-a-dans-ton-sac-a-dos-strategies-et-soutiens-de-sante-mentale-pour-les-enfants-et-adolescent-e-s\/#breadcrumb\"},\"inLanguage\":\"fr-FR\",\"potentialAction\":[{\"@type\":\"ReadAction\",\"target\":[\"https:\/\/archive.ontariocaregiver.ca\/fr\/event\/quest-ce-quil-y-a-dans-ton-sac-a-dos-strategies-et-soutiens-de-sante-mentale-pour-les-enfants-et-adolescent-e-s\/\"]}]},{\"@type\":\"BreadcrumbList\",\"@id\":\"https:\/\/archive.ontariocaregiver.ca\/fr\/event\/quest-ce-quil-y-a-dans-ton-sac-a-dos-strategies-et-soutiens-de-sante-mentale-pour-les-enfants-et-adolescent-e-s\/#breadcrumb\",\"itemListElement\":[{\"@type\":\"ListItem\",\"position\":1,\"name\":\"Page principale\",\"item\":\"https:\/\/archive.ontariocaregiver.ca\/fr\/\"},{\"@type\":\"ListItem\",\"position\":2,\"name\":\"\u00c9v\u00e8nements\",\"item\":\"https:\/\/archive.ontariocaregiver.ca\/fr\/events\/\"},{\"@type\":\"ListItem\",\"position\":3,\"name\":\"\u00ab Qu&#8217;est-ce qu\u2019il y a dans ton sac \u00e0 dos? \u00bb : Strat\u00e9gies et soutiens de sant\u00e9 mentale pour les enfants et adolescent\/e\/s\"}]},{\"@type\":\"WebSite\",\"@id\":\"https:\/\/archive.ontariocaregiver.ca\/fr\/#website\",\"url\":\"https:\/\/archive.ontariocaregiver.ca\/fr\/\",\"name\":\"Organisme de soutien aux aidants naturels de l\u2019Ontario\",\"description\":\"\",\"potentialAction\":[{\"@type\":\"SearchAction\",\"target\":{\"@type\":\"EntryPoint\",\"urlTemplate\":\"https:\/\/archive.ontariocaregiver.ca\/fr\/?s={search_term_string}\"},\"query-input\":{\"@type\":\"PropertyValueSpecification\",\"valueRequired\":true,\"valueName\":\"search_term_string\"}}],\"inLanguage\":\"fr-FR\"}]}<\/script>\n<!-- \/ Yoast SEO plugin. -->","yoast_head_json":{"title":"\u00ab Qu'est-ce qu\u2019il y a dans ton sac \u00e0 dos? \u00bb : Strat\u00e9gies et soutiens de sant\u00e9 mentale pour les enfants et adolescent\/e\/s - Organisme de soutien aux aidants naturels de l\u2019Ontario","robots":{"index":"noindex","follow":"follow","max-snippet":"max-snippet:-1","max-image-preview":"max-image-preview:large","max-video-preview":"max-video-preview:-1"},"og_locale":"fr_FR","og_type":"article","og_title":"\u00ab Qu'est-ce qu\u2019il y a dans ton sac \u00e0 dos? \u00bb : Strat\u00e9gies et soutiens de sant\u00e9 mentale pour les enfants et adolescent\/e\/s - Organisme de soutien aux aidants naturels de l\u2019Ontario","og_description":"Nous vous invitons \u00e0 vous joindre \u00e0 Mireille Roy pour parler de sant\u00e9 mentale et de bien-\u00eatre en p\u00e9riode de rentr\u00e9e scolaire. Elles proposeront..","og_url":"https:\/\/archive.ontariocaregiver.ca\/fr\/event\/quest-ce-quil-y-a-dans-ton-sac-a-dos-strategies-et-soutiens-de-sante-mentale-pour-les-enfants-et-adolescent-e-s\/","og_site_name":"Organisme de soutien aux aidants naturels de l\u2019Ontario","twitter_card":"summary_large_image","twitter_misc":{"Dur\u00e9e de lecture estim\u00e9e":"1 minute"},"schema":{"@context":"https:\/\/schema.org","@graph":[{"@type":"WebPage","@id":"https:\/\/archive.ontariocaregiver.ca\/fr\/event\/quest-ce-quil-y-a-dans-ton-sac-a-dos-strategies-et-soutiens-de-sante-mentale-pour-les-enfants-et-adolescent-e-s\/","url":"https:\/\/archive.ontariocaregiver.ca\/fr\/event\/quest-ce-quil-y-a-dans-ton-sac-a-dos-strategies-et-soutiens-de-sante-mentale-pour-les-enfants-et-adolescent-e-s\/","name":"\u00ab Qu'est-ce qu\u2019il y a dans ton sac \u00e0 dos? \u00bb : Strat\u00e9gies et soutiens de sant\u00e9 mentale pour les enfants et adolescent\/e\/s - Organisme de soutien aux aidants naturels de l\u2019Ontario","isPartOf":{"@id":"https:\/\/archive.ontariocaregiver.ca\/fr\/#website"},"datePublished":"2023-08-03T17:49:32+00:00","breadcrumb":{"@id":"https:\/\/archive.ontariocaregiver.ca\/fr\/event\/quest-ce-quil-y-a-dans-ton-sac-a-dos-strategies-et-soutiens-de-sante-mentale-pour-les-enfants-et-adolescent-e-s\/#breadcrumb"},"inLanguage":"fr-FR","potentialAction":[{"@type":"ReadAction","target":["https:\/\/archive.ontariocaregiver.ca\/fr\/event\/quest-ce-quil-y-a-dans-ton-sac-a-dos-strategies-et-soutiens-de-sante-mentale-pour-les-enfants-et-adolescent-e-s\/"]}]},{"@type":"BreadcrumbList","@id":"https:\/\/archive.ontariocaregiver.ca\/fr\/event\/quest-ce-quil-y-a-dans-ton-sac-a-dos-strategies-et-soutiens-de-sante-mentale-pour-les-enfants-et-adolescent-e-s\/#breadcrumb","itemListElement":[{"@type":"ListItem","position":1,"name":"Page principale","item":"https:\/\/archive.ontariocaregiver.ca\/fr\/"},{"@type":"ListItem","position":2,"name":"\u00c9v\u00e8nements","item":"https:\/\/archive.ontariocaregiver.ca\/fr\/events\/"},{"@type":"ListItem","position":3,"name":"\u00ab Qu&#8217;est-ce qu\u2019il y a dans ton sac \u00e0 dos? \u00bb : Strat\u00e9gies et soutiens de sant\u00e9 mentale pour les enfants et adolescent\/e\/s"}]},{"@type":"WebSite","@id":"https:\/\/archive.ontariocaregiver.ca\/fr\/#website","url":"https:\/\/archive.ontariocaregiver.ca\/fr\/","name":"Organisme de soutien aux aidants naturels de l\u2019Ontario","description":"","potentialAction":[{"@type":"SearchAction","target":{"@type":"EntryPoint","urlTemplate":"https:\/\/archive.ontariocaregiver.ca\/fr\/?s={search_term_string}"},"query-input":{"@type":"PropertyValueSpecification","valueRequired":true,"valueName":"search_term_string"}}],"inLanguage":"fr-FR"}]}},"ticketed":false,"_links":{"self":[{"href":"https:\/\/archive.ontariocaregiver.ca\/fr\/wp-json\/wp\/v2\/tribe_events\/23659","targetHints":{"allow":["GET"]}}],"collection":[{"href":"https:\/\/archive.ontariocaregiver.ca\/fr\/wp-json\/wp\/v2\/tribe_events"}],"about":[{"href":"https:\/\/archive.ontariocaregiver.ca\/fr\/wp-json\/wp\/v2\/types\/tribe_events"}],"author":[{"embeddable":true,"href":"https:\/\/archive.ontariocaregiver.ca\/fr\/wp-json\/wp\/v2\/users\/2"}],"replies":[{"embeddable":true,"href":"https:\/\/archive.ontariocaregiver.ca\/fr\/wp-json\/wp\/v2\/comments?post=23659"}],"version-history":[{"count":1,"href":"https:\/\/archive.ontariocaregiver.ca\/fr\/wp-json\/wp\/v2\/tribe_events\/23659\/revisions"}],"predecessor-version":[{"id":23660,"href":"https:\/\/archive.ontariocaregiver.ca\/fr\/wp-json\/wp\/v2\/tribe_events\/23659\/revisions\/23660"}],"wp:attachment":[{"href":"https:\/\/archive.ontariocaregiver.ca\/fr\/wp-json\/wp\/v2\/media?parent=23659"}],"wp:term":[{"taxonomy":"post_tag","embeddable":true,"href":"https:\/\/archive.ontariocaregiver.ca\/fr\/wp-json\/wp\/v2\/tags?post=23659"},{"taxonomy":"tribe_events_cat","embeddable":true,"href":"https:\/\/archive.ontariocaregiver.ca\/fr\/wp-json\/wp\/v2\/tribe_events_cat?post=23659"}],"curies":[{"name":"wp","href":"https:\/\/api.w.org\/{rel}","templated":true}]}}

« Qu&rsquo;est-ce qu’il y a dans ton sac à dos? » : Stratégies et soutiens de santé mentale pour les enfants et adolescent/e/s

<p>Nous vous invitons à vous joindre à Mireille Roy pour parler de santé mentale et de bien-être en période de rentrée scolaire. Elles proposeront des stratégies brèves et axées sur les solutions, auxquelles les parents peuvent recourir pour aider leurs enfants d&rsquo;âge scolaire à faire face aux sentiments d&rsquo;inquiétude, d&rsquo;anxiété ou de peur que le retour à l&rsquo;école peut leur inspirer.</p>
<p>Cet atelier vous fournira des informations, des stratégies d’ordre général et des outils pour soutenir la santé mentale de votre enfant; une période est prévue pour vos questions.</p>
<p>Cet atelier s&rsquo;adresse aux familles et aux aidant.e.s d&rsquo;enfants autistes âgés de 6 à 15 ans, ainsi qu&rsquo;aux professionnel.le.s qui interviennent auprès de cette population.</p>

<p>Nous vous invitons à vous joindre à Mireille Roy pour parler de santé mentale et de bien-être en période de rentrée scolaire. Elles proposeront..</p>

<!-- This site is optimized with the Yoast SEO plugin v25.8 - https://yoast.com/wordpress/plugins/seo/ -->
<title>« Qu&#039;est-ce qu’il y a dans ton sac à dos? » : Stratégies et soutiens de santé mentale pour les enfants et adolescent/e/s - Organisme de soutien aux aidants naturels de l’Ontario</title>
<meta name="robots" content="noindex, follow, max-snippet:-1, max-image-preview:large, max-video-preview:-1" />
<meta property="og:locale" content="fr_FR" />
<meta property="og:type" content="article" />
<meta property="og:title" content="« Qu&#039;est-ce qu’il y a dans ton sac à dos? » : Stratégies et soutiens de santé mentale pour les enfants et adolescent/e/s - Organisme de soutien aux aidants naturels de l’Ontario" />
<meta property="og:description" content="Nous vous invitons à vous joindre à Mireille Roy pour parler de santé mentale et de bien-être en période de rentrée scolaire. Elles proposeront.." />
<meta property="og:url" content="https://archive.ontariocaregiver.ca/fr/event/quest-ce-quil-y-a-dans-ton-sac-a-dos-strategies-et-soutiens-de-sante-mentale-pour-les-enfants-et-adolescent-e-s/" />
<meta property="og:site_name" content="Organisme de soutien aux aidants naturels de l’Ontario" />
<meta name="twitter:card" content="summary_large_image" />
<meta name="twitter:label1" content="Durée de lecture estimée" />
	<meta name="twitter:data1" content="1 minute" />
<script type="application/ld+json" class="yoast-schema-graph">{"@context":"https://schema.org","@graph":[{"@type":"WebPage","@id":"https://archive.ontariocaregiver.ca/fr/event/quest-ce-quil-y-a-dans-ton-sac-a-dos-strategies-et-soutiens-de-sante-mentale-pour-les-enfants-et-adolescent-e-s/","url":"https://archive.ontariocaregiver.ca/fr/event/quest-ce-quil-y-a-dans-ton-sac-a-dos-strategies-et-soutiens-de-sante-mentale-pour-les-enfants-et-adolescent-e-s/","name":"« Qu'est-ce qu’il y a dans ton sac à dos? » : Stratégies et soutiens de santé mentale pour les enfants et adolescent/e/s - Organisme de soutien aux aidants naturels de l’Ontario","isPartOf":{"@id":"https://archive.ontariocaregiver.ca/fr/#website"},"datePublished":"2023-08-03T17:49:32+00:00","breadcrumb":{"@id":"https://archive.ontariocaregiver.ca/fr/event/quest-ce-quil-y-a-dans-ton-sac-a-dos-strategies-et-soutiens-de-sante-mentale-pour-les-enfants-et-adolescent-e-s/#breadcrumb"},"inLanguage":"fr-FR","potentialAction":[{"@type":"ReadAction","target":["https://archive.ontariocaregiver.ca/fr/event/quest-ce-quil-y-a-dans-ton-sac-a-dos-strategies-et-soutiens-de-sante-mentale-pour-les-enfants-et-adolescent-e-s/"]}]},{"@type":"BreadcrumbList","@id":"https://archive.ontariocaregiver.ca/fr/event/quest-ce-quil-y-a-dans-ton-sac-a-dos-strategies-et-soutiens-de-sante-mentale-pour-les-enfants-et-adolescent-e-s/#breadcrumb","itemListElement":[{"@type":"ListItem","position":1,"name":"Page principale","item":"https://archive.ontariocaregiver.ca/fr/"},{"@type":"ListItem","position":2,"name":"Évènements","item":"https://archive.ontariocaregiver.ca/fr/events/"},{"@type":"ListItem","position":3,"name":"« Qu&#8217;est-ce qu’il y a dans ton sac à dos? » : Stratégies et soutiens de santé mentale pour les enfants et adolescent/e/s"}]},{"@type":"WebSite","@id":"https://archive.ontariocaregiver.ca/fr/#website","url":"https://archive.ontariocaregiver.ca/fr/","name":"Organisme de soutien aux aidants naturels de l’Ontario","description":"","potentialAction":[{"@type":"SearchAction","target":{"@type":"EntryPoint","urlTemplate":"https://archive.ontariocaregiver.ca/fr/?s={search_term_string}"},"query-input":{"@type":"PropertyValueSpecification","valueRequired":true,"valueName":"search_term_string"}}],"inLanguage":"fr-FR"}]}</script>
<!-- / Yoast SEO plugin. -->

« Qu'est-ce qu’il y a dans ton sac à dos? » : Stratégies et soutiens de santé mentale pour les enfants et adolescent/e/s - Organisme de soutien aux aidants naturels de l’Ontario

Nous vous invitons à vous joindre à Mireille Roy pour parler de santé mentale et de bien-être en période de rentrée scolaire. Elles proposeront..

Évènements

« Qu&#8217;est-ce qu’il y a dans ton sac à dos? » : Stratégies et soutiens de santé mentale pour les enfants et adolescent/e/s
