{"id":22640,"date":"2023-06-01T09:13:34","date_gmt":"2023-06-01T13:13:34","guid":{"rendered":"https:\/\/archive.ontariocaregiver.ca\/?post_type=tribe_events&#038;p=22640"},"modified":"2023-06-01T09:13:34","modified_gmt":"2023-06-01T13:13:34","slug":"clin-doeil-sur-les-enjeux-et-les-defis-de-la-prevention-de-la-maltraitance-en-2023","status":"publish","type":"tribe_events","link":"https:\/\/archive.ontariocaregiver.ca\/fr\/event\/clin-doeil-sur-les-enjeux-et-les-defis-de-la-prevention-de-la-maltraitance-en-2023\/","title":{"rendered":"Clin d\u2019\u0153il sur les enjeux et les d\u00e9fis de la pr\u00e9vention de la maltraitance en 2023"},"content":{"rendered":"<p><strong>Conf\u00e9renci\u00e8res<\/strong> :<\/p>\n<ul>\n<li>Marie-\u00c8ve B\u00e9dard, chercheure principale, Bureau de la recherche et de l\u2019innovation, Centre coll\u00e9gial d\u2019expertise en g\u00e9rontologie, C\u00e9gep de Drummondville.<\/li>\n<li>M\u00e9lanie Couture, titulaire de la Chaire de recherche sur la maltraitance envers les personnes a\u00een\u00e9es, professeure agr\u00e9g\u00e9e, \u00c9cole de Travail social, Facult\u00e9 des lettres et sciences humaines, Universit\u00e9 de Sherbrooke.<\/li>\n<li>Martine Lagac\u00e9, professeure agr\u00e9g\u00e9e, Facult\u00e9 des arts, Communication, Universit\u00e9 d\u2019Ottawa.<\/li>\n<\/ul>\n<p>Les d\u00e9fis que doivent relever les personnes a\u00een\u00e9es sont nombreux. Ils le sont toutefois davantage pour les personnes qui doivent conjuguer plusieurs identit\u00e9s marginales ou minoris\u00e9es tels que celles qui vivent en situation d\u2019handicap, malades, qui sont \u00e2g\u00e9es ou racis\u00e9es, qui sont membres d\u2019une religion non-chr\u00e9tienne, ou qui appartiennent \u00e0 la communaut\u00e9 LGTBQ2+. Quels enjeux sont cruciaux pour l\u2019obtention de services en lien avec la maltraitance? Quelles sont les ressources disponibles? Ce sont les questions que nous souhaitons explorer lors d\u2019une table ronde.<\/p>\n<p>Cette table ronde, intitul\u00e9e \u00ab Clin d\u2019\u0153il sur les enjeux et les d\u00e9fis de la pr\u00e9vention de la maltraitance en 2023 \u00bb, aura lieu le 15 juin de 10 heures \u00e0 12 heures, via la plateforme Zoom. Elle sera enregistr\u00e9e pour \u00eatre diffus\u00e9e sur les sites Internet de la FARFO \/ RPMAFO et du RCPMTA par la suite. L\u2019\u00e9v\u00e9nement est coorganis\u00e9 par la F\u00e9d\u00e9ration des a\u00een\u00e9s et retrait\u00e9s francophones de l\u2019Ontario (FARFO), le R\u00e9seau de pr\u00e9vention de la maltraitance des a\u00een\u00e9.e.s francophones de l\u2019Ontario (RPMAFO) et le R\u00e9seau canadien pour la pr\u00e9vention de la maltraitance des a\u00een\u00e9s (RCPMTA).<\/p>\n<p>Inscrivez -vous en cliquant sur ce lien : <a href=\"https:\/\/us06web.zoom.us\/meeting\/register\/tZIoceChrT0qH9Qltrb4NGLXz 7gMibGTvIsu\">https:\/\/us06web.zoom.us\/meeting\/register\/tZIoceChrT0qH9Qltrb4NGLXz 7gMibGTvIsu<\/a><\/p>\n","protected":false},"excerpt":{"rendered":"<p>Conf\u00e9renci\u00e8res : Marie-\u00c8ve B\u00e9dard, chercheure principale, Bureau de la recherche et de l\u2019innovation, Centre coll\u00e9gial d\u2019expertise en g\u00e9rontologie, C\u00e9gep de Drummondville. M\u00e9lanie Couture, titulaire..<\/p>\n","protected":false},"author":2,"featured_media":0,"comment_status":"closed","ping_status":"closed","template":"","meta":{"_acf_changed":false,"_relevanssi_hide_post":"","_relevanssi_hide_content":"","_relevanssi_pin_for_all":"","_relevanssi_pin_keywords":"","_relevanssi_unpin_keywords":"","_relevanssi_related_keywords":"","_relevanssi_related_include_ids":"","_relevanssi_related_exclude_ids":"","_relevanssi_related_no_append":"","_relevanssi_related_not_related":"","_relevanssi_related_posts":"","_relevanssi_noindex_reason":"","_price":"","_stock":"","_tribe_ticket_header":"","_tribe_default_ticket_provider":"","_tribe_ticket_capacity":"0","_ticket_start_date":"","_ticket_end_date":"","_tribe_ticket_show_description":"","_tribe_ticket_show_not_going":false,"_tribe_ticket_use_global_stock":"","_tribe_ticket_global_stock_level":"","_global_stock_mode":"","_global_stock_cap":"","_tribe_rsvp_for_event":"","_tribe_ticket_going_count":"","_tribe_ticket_not_going_count":"","_tribe_tickets_list":[],"_tribe_ticket_has_attendee_info_fields":false,"footnotes":""},"tags":[],"tribe_events_cat":[],"class_list":["post-22640","tribe_events","type-tribe_events","status-publish","hentry"],"acf":[],"yoast_head":"<!-- This site is optimized with the Yoast SEO plugin v25.8 - https:\/\/yoast.com\/wordpress\/plugins\/seo\/ -->\n<title>Clin d\u2019\u0153il sur les enjeux et les d\u00e9fis de la pr\u00e9vention de la maltraitance en 2023 - Organisme de soutien aux aidants naturels de l\u2019Ontario<\/title>\n<meta name=\"robots\" content=\"noindex, follow, max-snippet:-1, max-image-preview:large, max-video-preview:-1\" \/>\n<meta property=\"og:locale\" content=\"fr_FR\" \/>\n<meta property=\"og:type\" content=\"article\" \/>\n<meta property=\"og:title\" content=\"Clin d\u2019\u0153il sur les enjeux et les d\u00e9fis de la pr\u00e9vention de la maltraitance en 2023 - Organisme de soutien aux aidants naturels de l\u2019Ontario\" \/>\n<meta property=\"og:description\" content=\"Conf\u00e9renci\u00e8res : Marie-\u00c8ve B\u00e9dard, chercheure principale, Bureau de la recherche et de l\u2019innovation, Centre coll\u00e9gial d\u2019expertise en g\u00e9rontologie, C\u00e9gep de Drummondville. M\u00e9lanie Couture, titulaire..\" \/>\n<meta property=\"og:url\" content=\"https:\/\/archive.ontariocaregiver.ca\/fr\/event\/clin-doeil-sur-les-enjeux-et-les-defis-de-la-prevention-de-la-maltraitance-en-2023\/\" \/>\n<meta property=\"og:site_name\" content=\"Organisme de soutien aux aidants naturels de l\u2019Ontario\" \/>\n<meta name=\"twitter:card\" content=\"summary_large_image\" \/>\n<meta name=\"twitter:label1\" content=\"Dur\u00e9e de lecture estim\u00e9e\" \/>\n\t<meta name=\"twitter:data1\" content=\"2 minutes\" \/>\n<script type=\"application\/ld+json\" class=\"yoast-schema-graph\">{\"@context\":\"https:\/\/schema.org\",\"@graph\":[{\"@type\":\"WebPage\",\"@id\":\"https:\/\/archive.ontariocaregiver.ca\/fr\/event\/clin-doeil-sur-les-enjeux-et-les-defis-de-la-prevention-de-la-maltraitance-en-2023\/\",\"url\":\"https:\/\/archive.ontariocaregiver.ca\/fr\/event\/clin-doeil-sur-les-enjeux-et-les-defis-de-la-prevention-de-la-maltraitance-en-2023\/\",\"name\":\"Clin d\u2019\u0153il sur les enjeux et les d\u00e9fis de la pr\u00e9vention de la maltraitance en 2023 - Organisme de soutien aux aidants naturels de l\u2019Ontario\",\"isPartOf\":{\"@id\":\"https:\/\/archive.ontariocaregiver.ca\/fr\/#website\"},\"datePublished\":\"2023-06-01T13:13:34+00:00\",\"breadcrumb\":{\"@id\":\"https:\/\/archive.ontariocaregiver.ca\/fr\/event\/clin-doeil-sur-les-enjeux-et-les-defis-de-la-prevention-de-la-maltraitance-en-2023\/#breadcrumb\"},\"inLanguage\":\"fr-FR\",\"potentialAction\":[{\"@type\":\"ReadAction\",\"target\":[\"https:\/\/archive.ontariocaregiver.ca\/fr\/event\/clin-doeil-sur-les-enjeux-et-les-defis-de-la-prevention-de-la-maltraitance-en-2023\/\"]}]},{\"@type\":\"BreadcrumbList\",\"@id\":\"https:\/\/archive.ontariocaregiver.ca\/fr\/event\/clin-doeil-sur-les-enjeux-et-les-defis-de-la-prevention-de-la-maltraitance-en-2023\/#breadcrumb\",\"itemListElement\":[{\"@type\":\"ListItem\",\"position\":1,\"name\":\"Page principale\",\"item\":\"https:\/\/archive.ontariocaregiver.ca\/fr\/\"},{\"@type\":\"ListItem\",\"position\":2,\"name\":\"\u00c9v\u00e8nements\",\"item\":\"https:\/\/archive.ontariocaregiver.ca\/fr\/events\/\"},{\"@type\":\"ListItem\",\"position\":3,\"name\":\"Clin d\u2019\u0153il sur les enjeux et les d\u00e9fis de la pr\u00e9vention de la maltraitance en 2023\"}]},{\"@type\":\"WebSite\",\"@id\":\"https:\/\/archive.ontariocaregiver.ca\/fr\/#website\",\"url\":\"https:\/\/archive.ontariocaregiver.ca\/fr\/\",\"name\":\"Organisme de soutien aux aidants naturels de l\u2019Ontario\",\"description\":\"\",\"potentialAction\":[{\"@type\":\"SearchAction\",\"target\":{\"@type\":\"EntryPoint\",\"urlTemplate\":\"https:\/\/archive.ontariocaregiver.ca\/fr\/?s={search_term_string}\"},\"query-input\":{\"@type\":\"PropertyValueSpecification\",\"valueRequired\":true,\"valueName\":\"search_term_string\"}}],\"inLanguage\":\"fr-FR\"}]}<\/script>\n<!-- \/ Yoast SEO plugin. -->","yoast_head_json":{"title":"Clin d\u2019\u0153il sur les enjeux et les d\u00e9fis de la pr\u00e9vention de la maltraitance en 2023 - Organisme de soutien aux aidants naturels de l\u2019Ontario","robots":{"index":"noindex","follow":"follow","max-snippet":"max-snippet:-1","max-image-preview":"max-image-preview:large","max-video-preview":"max-video-preview:-1"},"og_locale":"fr_FR","og_type":"article","og_title":"Clin d\u2019\u0153il sur les enjeux et les d\u00e9fis de la pr\u00e9vention de la maltraitance en 2023 - Organisme de soutien aux aidants naturels de l\u2019Ontario","og_description":"Conf\u00e9renci\u00e8res : Marie-\u00c8ve B\u00e9dard, chercheure principale, Bureau de la recherche et de l\u2019innovation, Centre coll\u00e9gial d\u2019expertise en g\u00e9rontologie, C\u00e9gep de Drummondville. M\u00e9lanie Couture, titulaire..","og_url":"https:\/\/archive.ontariocaregiver.ca\/fr\/event\/clin-doeil-sur-les-enjeux-et-les-defis-de-la-prevention-de-la-maltraitance-en-2023\/","og_site_name":"Organisme de soutien aux aidants naturels de l\u2019Ontario","twitter_card":"summary_large_image","twitter_misc":{"Dur\u00e9e de lecture estim\u00e9e":"2 minutes"},"schema":{"@context":"https:\/\/schema.org","@graph":[{"@type":"WebPage","@id":"https:\/\/archive.ontariocaregiver.ca\/fr\/event\/clin-doeil-sur-les-enjeux-et-les-defis-de-la-prevention-de-la-maltraitance-en-2023\/","url":"https:\/\/archive.ontariocaregiver.ca\/fr\/event\/clin-doeil-sur-les-enjeux-et-les-defis-de-la-prevention-de-la-maltraitance-en-2023\/","name":"Clin d\u2019\u0153il sur les enjeux et les d\u00e9fis de la pr\u00e9vention de la maltraitance en 2023 - Organisme de soutien aux aidants naturels de l\u2019Ontario","isPartOf":{"@id":"https:\/\/archive.ontariocaregiver.ca\/fr\/#website"},"datePublished":"2023-06-01T13:13:34+00:00","breadcrumb":{"@id":"https:\/\/archive.ontariocaregiver.ca\/fr\/event\/clin-doeil-sur-les-enjeux-et-les-defis-de-la-prevention-de-la-maltraitance-en-2023\/#breadcrumb"},"inLanguage":"fr-FR","potentialAction":[{"@type":"ReadAction","target":["https:\/\/archive.ontariocaregiver.ca\/fr\/event\/clin-doeil-sur-les-enjeux-et-les-defis-de-la-prevention-de-la-maltraitance-en-2023\/"]}]},{"@type":"BreadcrumbList","@id":"https:\/\/archive.ontariocaregiver.ca\/fr\/event\/clin-doeil-sur-les-enjeux-et-les-defis-de-la-prevention-de-la-maltraitance-en-2023\/#breadcrumb","itemListElement":[{"@type":"ListItem","position":1,"name":"Page principale","item":"https:\/\/archive.ontariocaregiver.ca\/fr\/"},{"@type":"ListItem","position":2,"name":"\u00c9v\u00e8nements","item":"https:\/\/archive.ontariocaregiver.ca\/fr\/events\/"},{"@type":"ListItem","position":3,"name":"Clin d\u2019\u0153il sur les enjeux et les d\u00e9fis de la pr\u00e9vention de la maltraitance en 2023"}]},{"@type":"WebSite","@id":"https:\/\/archive.ontariocaregiver.ca\/fr\/#website","url":"https:\/\/archive.ontariocaregiver.ca\/fr\/","name":"Organisme de soutien aux aidants naturels de l\u2019Ontario","description":"","potentialAction":[{"@type":"SearchAction","target":{"@type":"EntryPoint","urlTemplate":"https:\/\/archive.ontariocaregiver.ca\/fr\/?s={search_term_string}"},"query-input":{"@type":"PropertyValueSpecification","valueRequired":true,"valueName":"search_term_string"}}],"inLanguage":"fr-FR"}]}},"ticketed":false,"_links":{"self":[{"href":"https:\/\/archive.ontariocaregiver.ca\/fr\/wp-json\/wp\/v2\/tribe_events\/22640","targetHints":{"allow":["GET"]}}],"collection":[{"href":"https:\/\/archive.ontariocaregiver.ca\/fr\/wp-json\/wp\/v2\/tribe_events"}],"about":[{"href":"https:\/\/archive.ontariocaregiver.ca\/fr\/wp-json\/wp\/v2\/types\/tribe_events"}],"author":[{"embeddable":true,"href":"https:\/\/archive.ontariocaregiver.ca\/fr\/wp-json\/wp\/v2\/users\/2"}],"replies":[{"embeddable":true,"href":"https:\/\/archive.ontariocaregiver.ca\/fr\/wp-json\/wp\/v2\/comments?post=22640"}],"version-history":[{"count":1,"href":"https:\/\/archive.ontariocaregiver.ca\/fr\/wp-json\/wp\/v2\/tribe_events\/22640\/revisions"}],"predecessor-version":[{"id":22641,"href":"https:\/\/archive.ontariocaregiver.ca\/fr\/wp-json\/wp\/v2\/tribe_events\/22640\/revisions\/22641"}],"wp:attachment":[{"href":"https:\/\/archive.ontariocaregiver.ca\/fr\/wp-json\/wp\/v2\/media?parent=22640"}],"wp:term":[{"taxonomy":"post_tag","embeddable":true,"href":"https:\/\/archive.ontariocaregiver.ca\/fr\/wp-json\/wp\/v2\/tags?post=22640"},{"taxonomy":"tribe_events_cat","embeddable":true,"href":"https:\/\/archive.ontariocaregiver.ca\/fr\/wp-json\/wp\/v2\/tribe_events_cat?post=22640"}],"curies":[{"name":"wp","href":"https:\/\/api.w.org\/{rel}","templated":true}]}}

Clin d’œil sur les enjeux et les défis de la prévention de la maltraitance en 2023

<p><strong>Conférencières</strong> :</p>
<ul>
<li>Marie-Ève Bédard, chercheure principale, Bureau de la recherche et de l’innovation, Centre collégial d’expertise en gérontologie, Cégep de Drummondville.</li>
<li>Mélanie Couture, titulaire de la Chaire de recherche sur la maltraitance envers les personnes aînées, professeure agrégée, École de Travail social, Faculté des lettres et sciences humaines, Université de Sherbrooke.</li>
<li>Martine Lagacé, professeure agrégée, Faculté des arts, Communication, Université d’Ottawa.</li>
</ul>
<p>Les défis que doivent relever les personnes aînées sont nombreux. Ils le sont toutefois davantage pour les personnes qui doivent conjuguer plusieurs identités marginales ou minorisées tels que celles qui vivent en situation d’handicap, malades, qui sont âgées ou racisées, qui sont membres d’une religion non-chrétienne, ou qui appartiennent à la communauté LGTBQ2+. Quels enjeux sont cruciaux pour l’obtention de services en lien avec la maltraitance? Quelles sont les ressources disponibles? Ce sont les questions que nous souhaitons explorer lors d’une table ronde.</p>
<p>Cette table ronde, intitulée « Clin d’œil sur les enjeux et les défis de la prévention de la maltraitance en 2023 », aura lieu le 15 juin de 10 heures à 12 heures, via la plateforme Zoom. Elle sera enregistrée pour être diffusée sur les sites Internet de la FARFO / RPMAFO et du RCPMTA par la suite. L’événement est coorganisé par la Fédération des aînés et retraités francophones de l’Ontario (FARFO), le Réseau de prévention de la maltraitance des aîné.e.s francophones de l’Ontario (RPMAFO) et le Réseau canadien pour la prévention de la maltraitance des aînés (RCPMTA).</p>
<p>Inscrivez -vous en cliquant sur ce lien : <a href="https://us06web.zoom.us/meeting/register/tZIoceChrT0qH9Qltrb4NGLXz 7gMibGTvIsu">https://us06web.zoom.us/meeting/register/tZIoceChrT0qH9Qltrb4NGLXz 7gMibGTvIsu</a></p>

<p>Conférencières : Marie-Ève Bédard, chercheure principale, Bureau de la recherche et de l’innovation, Centre collégial d’expertise en gérontologie, Cégep de Drummondville. Mélanie Couture, titulaire..</p>

<!-- This site is optimized with the Yoast SEO plugin v25.8 - https://yoast.com/wordpress/plugins/seo/ -->
<title>Clin d’œil sur les enjeux et les défis de la prévention de la maltraitance en 2023 - Organisme de soutien aux aidants naturels de l’Ontario</title>
<meta name="robots" content="noindex, follow, max-snippet:-1, max-image-preview:large, max-video-preview:-1" />
<meta property="og:locale" content="fr_FR" />
<meta property="og:type" content="article" />
<meta property="og:title" content="Clin d’œil sur les enjeux et les défis de la prévention de la maltraitance en 2023 - Organisme de soutien aux aidants naturels de l’Ontario" />
<meta property="og:description" content="Conférencières : Marie-Ève Bédard, chercheure principale, Bureau de la recherche et de l’innovation, Centre collégial d’expertise en gérontologie, Cégep de Drummondville. Mélanie Couture, titulaire.." />
<meta property="og:url" content="https://archive.ontariocaregiver.ca/fr/event/clin-doeil-sur-les-enjeux-et-les-defis-de-la-prevention-de-la-maltraitance-en-2023/" />
<meta property="og:site_name" content="Organisme de soutien aux aidants naturels de l’Ontario" />
<meta name="twitter:card" content="summary_large_image" />
<meta name="twitter:label1" content="Durée de lecture estimée" />
	<meta name="twitter:data1" content="2 minutes" />
<script type="application/ld+json" class="yoast-schema-graph">{"@context":"https://schema.org","@graph":[{"@type":"WebPage","@id":"https://archive.ontariocaregiver.ca/fr/event/clin-doeil-sur-les-enjeux-et-les-defis-de-la-prevention-de-la-maltraitance-en-2023/","url":"https://archive.ontariocaregiver.ca/fr/event/clin-doeil-sur-les-enjeux-et-les-defis-de-la-prevention-de-la-maltraitance-en-2023/","name":"Clin d’œil sur les enjeux et les défis de la prévention de la maltraitance en 2023 - Organisme de soutien aux aidants naturels de l’Ontario","isPartOf":{"@id":"https://archive.ontariocaregiver.ca/fr/#website"},"datePublished":"2023-06-01T13:13:34+00:00","breadcrumb":{"@id":"https://archive.ontariocaregiver.ca/fr/event/clin-doeil-sur-les-enjeux-et-les-defis-de-la-prevention-de-la-maltraitance-en-2023/#breadcrumb"},"inLanguage":"fr-FR","potentialAction":[{"@type":"ReadAction","target":["https://archive.ontariocaregiver.ca/fr/event/clin-doeil-sur-les-enjeux-et-les-defis-de-la-prevention-de-la-maltraitance-en-2023/"]}]},{"@type":"BreadcrumbList","@id":"https://archive.ontariocaregiver.ca/fr/event/clin-doeil-sur-les-enjeux-et-les-defis-de-la-prevention-de-la-maltraitance-en-2023/#breadcrumb","itemListElement":[{"@type":"ListItem","position":1,"name":"Page principale","item":"https://archive.ontariocaregiver.ca/fr/"},{"@type":"ListItem","position":2,"name":"Évènements","item":"https://archive.ontariocaregiver.ca/fr/events/"},{"@type":"ListItem","position":3,"name":"Clin d’œil sur les enjeux et les défis de la prévention de la maltraitance en 2023"}]},{"@type":"WebSite","@id":"https://archive.ontariocaregiver.ca/fr/#website","url":"https://archive.ontariocaregiver.ca/fr/","name":"Organisme de soutien aux aidants naturels de l’Ontario","description":"","potentialAction":[{"@type":"SearchAction","target":{"@type":"EntryPoint","urlTemplate":"https://archive.ontariocaregiver.ca/fr/?s={search_term_string}"},"query-input":{"@type":"PropertyValueSpecification","valueRequired":true,"valueName":"search_term_string"}}],"inLanguage":"fr-FR"}]}</script>
<!-- / Yoast SEO plugin. -->

Clin d’œil sur les enjeux et les défis de la prévention de la maltraitance en 2023 - Organisme de soutien aux aidants naturels de l’Ontario

Conférencières : Marie-Ève Bédard, chercheure principale, Bureau de la recherche et de l’innovation, Centre collégial d’expertise en gérontologie, Cégep de Drummondville. Mélanie Couture, titulaire..

Évènements
